{"id":63,"date":"2024-11-18T13:01:14","date_gmt":"2024-11-18T13:01:14","guid":{"rendered":"https:\/\/www.serendipalm.de\/?page_id=63"},"modified":"2026-04-16T07:51:06","modified_gmt":"2026-04-16T07:51:06","slug":"rohstoffe","status":"publish","type":"page","link":"https:\/\/www.serendipalm.de\/?page_id=63","title":{"rendered":"Rohstoffe"},"content":{"rendered":"\n<div class=\"wp-block-group alignfull has-accent-5-background-color has-background has-global-padding is-layout-constrained wp-container-core-group-is-layout-dfb96d97 wp-block-group-is-layout-constrained\" style=\"margin-top:0;margin-bottom:0;padding-top:var(--wp--preset--spacing--10);padding-right:0;padding-bottom:var(--wp--preset--spacing--10);padding-left:0\">\n<div class=\"wp-block-cover alignfull\" style=\"font-size:clamp(32.064px, 2.004rem + ((1vw - 3.2px) * 2.445), 57px);min-height:556px;aspect-ratio:unset;\"><img loading=\"lazy\" decoding=\"async\" width=\"1024\" height=\"768\" class=\"wp-block-cover__image-background wp-image-363 size-large\" alt=\"\" src=\"https:\/\/www.serendipalm.de\/wp-content\/uploads\/2024\/12\/palm_oil-1024x768.webp\" data-object-fit=\"cover\" srcset=\"https:\/\/www.serendipalm.de\/wp-content\/uploads\/2024\/12\/palm_oil-1024x768.webp 1024w, https:\/\/www.serendipalm.de\/wp-content\/uploads\/2024\/12\/palm_oil-300x225.webp 300w, https:\/\/www.serendipalm.de\/wp-content\/uploads\/2024\/12\/palm_oil-768x576.webp 768w, https:\/\/www.serendipalm.de\/wp-content\/uploads\/2024\/12\/palm_oil.webp 1500w\" sizes=\"auto, (max-width: 1024px) 100vw, 1024px\" \/><span aria-hidden=\"true\" class=\"wp-block-cover__background has-background-dim-20 has-background-dim\" style=\"background-color:#8c5f3c\"><\/span><div class=\"wp-block-cover__inner-container has-global-padding is-layout-constrained wp-block-cover-is-layout-constrained\">\n<p class=\"has-text-align-center has-base-color has-text-color has-link-color wp-elements-82bcca47c6151efaacfcc4b82dfe18c4\" style=\"font-size:clamp(3.426rem, 3.426rem + ((1vw - 0.2rem) * 5.606), 7rem);\">Palm\u00f6l<\/p>\n<\/div><\/div>\n\n\n\n<div style=\"height:50px\" aria-hidden=\"true\" class=\"wp-block-spacer\"><\/div>\n\n\n\n<div class=\"wp-block-columns alignwide is-layout-flex wp-container-core-columns-is-layout-b4238c10 wp-block-columns-is-layout-flex\" style=\"margin-top:0;margin-bottom:0;padding-top:0;padding-bottom:0\">\n<div class=\"wp-block-column is-layout-flow wp-block-column-is-layout-flow\" style=\"padding-top:0;padding-bottom:0\">\n<figure class=\"wp-block-image aligncenter size-large is-resized is-style-rounded\"><img loading=\"lazy\" decoding=\"async\" width=\"1024\" height=\"754\" src=\"https:\/\/www.serendipalm.de\/wp-content\/uploads\/2026\/02\/farmer_1-1024x754.webp\" alt=\"\" class=\"wp-image-1050\" style=\"aspect-ratio:1.358080370049147;object-fit:cover;width:650px\" srcset=\"https:\/\/www.serendipalm.de\/wp-content\/uploads\/2026\/02\/farmer_1-1024x754.webp 1024w, https:\/\/www.serendipalm.de\/wp-content\/uploads\/2026\/02\/farmer_1-300x221.webp 300w, https:\/\/www.serendipalm.de\/wp-content\/uploads\/2026\/02\/farmer_1-768x566.webp 768w, https:\/\/www.serendipalm.de\/wp-content\/uploads\/2026\/02\/farmer_1.webp 1500w\" sizes=\"auto, (max-width: 1024px) 100vw, 1024px\" \/><\/figure>\n<\/div>\n\n\n\n<div class=\"wp-block-column is-vertically-aligned-center has-large-font-size is-layout-flow wp-container-core-column-is-layout-8375afe5 wp-block-column-is-layout-flow\" style=\"padding-top:0;padding-right:0;padding-bottom:0;padding-left:0;flex-basis:40%\">\n<h2 class=\"wp-block-heading is-style-asterisk has-x-large-font-size\">Palm\u00f6l von Kleinbauern<\/h2>\n\n\n\n<ul class=\"wp-block-list has-large-font-size\">\n<li>Zusammenarbeit mit \u00fcber 800 Bio-Kleinbauern<\/li>\n\n\n\n<li>Kleine Anbaufl\u00e4chen statt industrieller Plantagen<\/li>\n\n\n\n<li>Schulungen und fachliche Begleitung f\u00fcr nachhaltigen Anbau<\/li>\n\n\n\n<li>Verbesserung von Bodenfruchtbarkeit und Ertr\u00e4gen f\u00fcr langfristige Existenzsicherung<\/li>\n<\/ul>\n<\/div>\n<\/div>\n\n\n\n<div style=\"height:50px\" aria-hidden=\"true\" class=\"wp-block-spacer\"><\/div>\n\n\n\n<div class=\"wp-block-columns alignwide is-layout-flex wp-container-core-columns-is-layout-d1c656ed wp-block-columns-is-layout-flex\">\n<div class=\"wp-block-column is-vertically-aligned-center is-layout-flow wp-block-column-is-layout-flow\" style=\"padding-top:0;padding-bottom:0;flex-basis:40%\">\n<h2 class=\"wp-block-heading is-style-asterisk has-x-large-font-size\">Zertifizierungen<\/h2>\n\n\n\n<ul style=\"padding-top:0;padding-right:var(--wp--preset--spacing--30);padding-bottom:0;padding-left:var(--wp--preset--spacing--30);line-height:1.75\" class=\"wp-block-list is-style-default has-large-font-size\">\n<li class=\"has-large-font-size\">Umfassend zertifiziert: EU Bio, NOP, Naturland, Naturland Fair, Fair for Life und ROC<\/li>\n\n\n\n<li class=\"has-large-font-size\">Bio- und Fair-Trade-Standards garantieren \u00f6kologische und soziale Verantwortung<\/li>\n\n\n\n<li class=\"has-large-font-size\">Unabh\u00e4ngige externe Zertifizierungen best\u00e4tigen nachhaltiges Wirtschaften<\/li>\n<\/ul>\n<\/div>\n\n\n\n<div class=\"wp-block-column is-layout-flow wp-container-core-column-is-layout-8a368f38 wp-block-column-is-layout-flow\" style=\"flex-basis:50%\">\n<figure class=\"wp-block-image size-large is-resized is-style-rounded\"><img loading=\"lazy\" decoding=\"async\" width=\"1024\" height=\"681\" src=\"https:\/\/www.serendipalm.de\/wp-content\/uploads\/2026\/02\/fruits_1-1024x681.webp\" alt=\"\" class=\"wp-image-1054\" style=\"width:650px\" srcset=\"https:\/\/www.serendipalm.de\/wp-content\/uploads\/2026\/02\/fruits_1-1024x681.webp 1024w, https:\/\/www.serendipalm.de\/wp-content\/uploads\/2026\/02\/fruits_1-300x200.webp 300w, https:\/\/www.serendipalm.de\/wp-content\/uploads\/2026\/02\/fruits_1-768x511.webp 768w, https:\/\/www.serendipalm.de\/wp-content\/uploads\/2026\/02\/fruits_1.webp 1500w\" sizes=\"auto, (max-width: 1024px) 100vw, 1024px\" \/><\/figure>\n<\/div>\n<\/div>\n\n\n\n<div style=\"height:50px\" aria-hidden=\"true\" class=\"wp-block-spacer\"><\/div>\n\n\n\n<div class=\"wp-block-columns alignwide is-layout-flex wp-container-core-columns-is-layout-6fc92e15 wp-block-columns-is-layout-flex\" style=\"margin-top:0;margin-bottom:0\">\n<div class=\"wp-block-column is-layout-flow wp-block-column-is-layout-flow\" style=\"flex-basis:50%\">\n<figure class=\"wp-block-image aligncenter size-full is-resized is-style-rounded\"><img loading=\"lazy\" decoding=\"async\" width=\"1500\" height=\"972\" src=\"https:\/\/www.serendipalm.de\/wp-content\/uploads\/2026\/02\/serendipalm_drone-1.webp\" alt=\"\" class=\"wp-image-1057\" style=\"aspect-ratio:1.3581589107904897;object-fit:cover;width:650px\" srcset=\"https:\/\/www.serendipalm.de\/wp-content\/uploads\/2026\/02\/serendipalm_drone-1.webp 1500w, https:\/\/www.serendipalm.de\/wp-content\/uploads\/2026\/02\/serendipalm_drone-1-300x194.webp 300w, https:\/\/www.serendipalm.de\/wp-content\/uploads\/2026\/02\/serendipalm_drone-1-1024x664.webp 1024w, https:\/\/www.serendipalm.de\/wp-content\/uploads\/2026\/02\/serendipalm_drone-1-768x498.webp 768w\" sizes=\"auto, (max-width: 1500px) 100vw, 1500px\" \/><\/figure>\n<\/div>\n\n\n\n<div class=\"wp-block-column is-vertically-aligned-center is-layout-flow wp-block-column-is-layout-flow\" style=\"flex-basis:40%\">\n<h2 class=\"wp-block-heading is-style-asterisk has-x-large-font-size\"><mark style=\"background-color:rgba(0, 0, 0, 0)\" class=\"has-inline-color has-contrast-color\">Geringere Produktion<\/mark><\/h2>\n\n\n\n<ul class=\"wp-block-list has-medium-font-size\">\n<li class=\"has-large-font-size\">Bis zu 30 Tonnen Rohpalm\u00f6l pro Woche aus kleinstrukturierter Produktion<\/li>\n\n\n\n<li class=\"has-large-font-size\">Deutlich kleiner als Gro\u00dfprojekte mit 500\u20131000 Tonnen Wochenleistung<\/li>\n\n\n\n<li class=\"has-large-font-size\">Fairer und \u00f6kologischer Produktionsansatz statt industrieller Massenproduktion<\/li>\n\n\n\n<li class=\"has-large-font-size\">Starke Einbindung und positive Wirkung f\u00fcr die lokale Gemeinde<\/li>\n<\/ul>\n<\/div>\n<\/div>\n\n\n\n<div style=\"height:50px\" aria-hidden=\"true\" class=\"wp-block-spacer\"><\/div>\n\n\n\n<div class=\"wp-block-columns alignwide is-layout-flex wp-container-core-columns-is-layout-d1c656ed wp-block-columns-is-layout-flex\">\n<div class=\"wp-block-column is-vertically-aligned-center is-layout-flow wp-block-column-is-layout-flow\" style=\"flex-basis:40%\">\n<h2 class=\"wp-block-heading is-style-asterisk has-x-large-font-size\">Qualit\u00e4t<\/h2>\n\n\n\n<ul style=\"line-height:1.75\" class=\"wp-block-list is-style-default\">\n<li class=\"has-large-font-size\">H\u00f6chste \u00d6lqualit\u00e4t trotz bewussten Verzichts auf Automatisierung<\/li>\n\n\n\n<li class=\"has-large-font-size\">Niedriger freier Fetts\u00e4uregehalt von ca. 4 %<\/li>\n\n\n\n<li class=\"has-large-font-size\">Sehr geringer Feuchtigkeitsgehalt von nur ca. 0,3 %<\/li>\n\n\n\n<li class=\"has-large-font-size\">Ausgezeichnetes H\u00e4rteprofil, das von unseren Kunden gesch\u00e4tzt wird<\/li>\n<\/ul>\n<\/div>\n\n\n\n<div class=\"wp-block-column is-layout-flow wp-block-column-is-layout-flow\" style=\"flex-basis:50%\">\n<figure class=\"wp-block-image size-large is-resized is-style-rounded\"><img loading=\"lazy\" decoding=\"async\" width=\"1024\" height=\"895\" src=\"https:\/\/www.serendipalm.de\/wp-content\/uploads\/2026\/02\/cpo_bottle-1024x895.webp\" alt=\"\" class=\"wp-image-1065\" style=\"width:650px\" srcset=\"https:\/\/www.serendipalm.de\/wp-content\/uploads\/2026\/02\/cpo_bottle-1024x895.webp 1024w, https:\/\/www.serendipalm.de\/wp-content\/uploads\/2026\/02\/cpo_bottle-300x262.webp 300w, https:\/\/www.serendipalm.de\/wp-content\/uploads\/2026\/02\/cpo_bottle-768x671.webp 768w, https:\/\/www.serendipalm.de\/wp-content\/uploads\/2026\/02\/cpo_bottle.webp 1500w\" sizes=\"auto, (max-width: 1024px) 100vw, 1024px\" \/><\/figure>\n<\/div>\n<\/div>\n\n\n\n<div style=\"height:60px\" aria-hidden=\"true\" class=\"wp-block-spacer\"><\/div>\n<\/div>\n\n\n\n<div class=\"wp-block-group alignfull has-background has-global-padding is-layout-constrained wp-container-core-group-is-layout-c4b51024 wp-block-group-is-layout-constrained\" style=\"background-color:#f2be00;margin-top:0;margin-bottom:0;padding-top:var(--wp--preset--spacing--10);padding-right:0;padding-bottom:var(--wp--preset--spacing--10);padding-left:0\">\n<div class=\"wp-block-group alignfull has-background has-global-padding is-layout-constrained wp-container-core-group-is-layout-19e250f3 wp-block-group-is-layout-constrained\" style=\"background-color:#ffcf00;min-height:0px\">\n<div class=\"wp-block-cover alignfull\" style=\"min-height:556px;aspect-ratio:unset;\" id=\"kakao\"><img loading=\"lazy\" decoding=\"async\" width=\"1024\" height=\"683\" class=\"wp-block-cover__image-background wp-image-367 size-large\" alt=\"\" src=\"https:\/\/www.serendipalm.de\/wp-content\/uploads\/2024\/12\/cocoa-beans-1024x683.webp\" data-object-fit=\"cover\" srcset=\"https:\/\/www.serendipalm.de\/wp-content\/uploads\/2024\/12\/cocoa-beans-1024x683.webp 1024w, https:\/\/www.serendipalm.de\/wp-content\/uploads\/2024\/12\/cocoa-beans-300x200.webp 300w, https:\/\/www.serendipalm.de\/wp-content\/uploads\/2024\/12\/cocoa-beans-768x512.webp 768w, https:\/\/www.serendipalm.de\/wp-content\/uploads\/2024\/12\/cocoa-beans.webp 1500w\" sizes=\"auto, (max-width: 1024px) 100vw, 1024px\" \/><span aria-hidden=\"true\" class=\"wp-block-cover__background has-background-dim-20 has-background-dim\" style=\"background-color:#89624d\"><\/span><div class=\"wp-block-cover__inner-container has-global-padding is-layout-constrained wp-block-cover-is-layout-constrained\">\n<p class=\"has-text-align-center\" style=\"font-size:clamp(3.426rem, 3.426rem + ((1vw - 0.2rem) * 5.606), 7rem);\">Kakao<\/p>\n<\/div><\/div>\n\n\n\n<div style=\"height:100px\" aria-hidden=\"true\" class=\"wp-block-spacer\"><\/div>\n\n\n\n<div class=\"wp-block-columns alignwide is-layout-flex wp-container-core-columns-is-layout-d1c656ed wp-block-columns-is-layout-flex\">\n<div class=\"wp-block-column is-vertically-aligned-center is-layout-flow wp-block-column-is-layout-flow\" style=\"flex-basis:40%\">\n<h2 class=\"wp-block-heading is-style-asterisk has-x-large-font-size\">Kakao von Kleinbauern<\/h2>\n\n\n\n<ul style=\"line-height:1.75\" class=\"wp-block-list is-style-default has-large-font-size\">\n<li class=\"has-large-font-size\">Kakao ist eine Pflanze im DAF-System<\/li>\n\n\n\n<li>Keine gro\u00dfen Plantagen, immer als Polykultur<\/li>\n\n\n\n<li>Eine weitere Einkommensquelle f\u00fcr unsere Bauern<\/li>\n<\/ul>\n<\/div>\n\n\n\n<div class=\"wp-block-column is-layout-flow wp-block-column-is-layout-flow\" style=\"flex-basis:50%\">\n<figure class=\"wp-block-image size-large is-resized is-style-rounded\"><img loading=\"lazy\" decoding=\"async\" width=\"1024\" height=\"681\" src=\"https:\/\/www.serendipalm.de\/wp-content\/uploads\/2024\/12\/cocoa_farmer-1024x681.webp\" alt=\"\" class=\"wp-image-369\" style=\"width:650px\" srcset=\"https:\/\/www.serendipalm.de\/wp-content\/uploads\/2024\/12\/cocoa_farmer-1024x681.webp 1024w, https:\/\/www.serendipalm.de\/wp-content\/uploads\/2024\/12\/cocoa_farmer-300x200.webp 300w, https:\/\/www.serendipalm.de\/wp-content\/uploads\/2024\/12\/cocoa_farmer-768x511.webp 768w, https:\/\/www.serendipalm.de\/wp-content\/uploads\/2024\/12\/cocoa_farmer-1536x1022.webp 1536w, https:\/\/www.serendipalm.de\/wp-content\/uploads\/2024\/12\/cocoa_farmer-2048x1362.webp 2048w\" sizes=\"auto, (max-width: 1024px) 100vw, 1024px\" \/><\/figure>\n<\/div>\n<\/div>\n\n\n\n<div style=\"height:50px\" aria-hidden=\"true\" class=\"wp-block-spacer\"><\/div>\n\n\n\n<div class=\"wp-block-columns alignwide is-layout-flex wp-container-core-columns-is-layout-d1c656ed wp-block-columns-is-layout-flex\">\n<div class=\"wp-block-column is-layout-flow wp-block-column-is-layout-flow\" style=\"flex-basis:50%\">\n<figure class=\"wp-block-image size-large is-resized is-style-rounded\"><img loading=\"lazy\" decoding=\"async\" width=\"1024\" height=\"683\" src=\"https:\/\/www.serendipalm.de\/wp-content\/uploads\/2024\/12\/cocoa_pods_field-1024x683.webp\" alt=\"\" class=\"wp-image-370\" style=\"width:650px\" srcset=\"https:\/\/www.serendipalm.de\/wp-content\/uploads\/2024\/12\/cocoa_pods_field-1024x683.webp 1024w, https:\/\/www.serendipalm.de\/wp-content\/uploads\/2024\/12\/cocoa_pods_field-300x200.webp 300w, https:\/\/www.serendipalm.de\/wp-content\/uploads\/2024\/12\/cocoa_pods_field-768x512.webp 768w, https:\/\/www.serendipalm.de\/wp-content\/uploads\/2024\/12\/cocoa_pods_field.webp 1500w\" sizes=\"auto, (max-width: 1024px) 100vw, 1024px\" \/><\/figure>\n<\/div>\n\n\n\n<div class=\"wp-block-column is-vertically-aligned-center is-layout-flow wp-block-column-is-layout-flow\" style=\"flex-basis:40%\">\n<h2 class=\"wp-block-heading has-text-align-left is-style-asterisk has-x-large-font-size\">Echtes Bio &amp; Fair Trade<\/h2>\n\n\n\n<ul style=\"line-height:1.75\" class=\"wp-block-list is-style-default\">\n<li>Alle in der Kette werden fair bezahlt<\/li>\n\n\n\n<li>Externe Pr\u00fcfungen der Bedingungen<\/li>\n\n\n\n<li>Striktes Konzept gegen Kinderarbeit<\/li>\n<\/ul>\n<\/div>\n<\/div>\n\n\n\n<div style=\"height:50px\" aria-hidden=\"true\" class=\"wp-block-spacer\"><\/div>\n\n\n\n<div class=\"wp-block-columns alignwide is-layout-flex wp-container-core-columns-is-layout-d1c656ed wp-block-columns-is-layout-flex\">\n<div class=\"wp-block-column is-vertically-aligned-center is-layout-flow wp-block-column-is-layout-flow\" style=\"flex-basis:40%\">\n<h2 class=\"wp-block-heading has-text-align-left is-style-asterisk has-x-large-font-size\">Qualit\u00e4t des Kakaos<\/h2>\n\n\n\n<ul style=\"line-height:1.75\" class=\"wp-block-list is-style-default\">\n<li>Keine chemischen Mittel erlaubt<\/li>\n\n\n\n<li>Bio- und Fair-Trade-Anbaumethoden<\/li>\n\n\n\n<li>Bester Kakao aus Ghana<\/li>\n<\/ul>\n<\/div>\n\n\n\n<div class=\"wp-block-column is-layout-flow wp-block-column-is-layout-flow\" style=\"flex-basis:50%\">\n<figure class=\"wp-block-image size-large is-resized is-style-rounded\"><img loading=\"lazy\" decoding=\"async\" width=\"1024\" height=\"683\" src=\"https:\/\/www.serendipalm.de\/wp-content\/uploads\/2024\/12\/cocoa_pod_inner-1024x683.webp\" alt=\"\" class=\"wp-image-372\" style=\"width:650px\" srcset=\"https:\/\/www.serendipalm.de\/wp-content\/uploads\/2024\/12\/cocoa_pod_inner-1024x683.webp 1024w, https:\/\/www.serendipalm.de\/wp-content\/uploads\/2024\/12\/cocoa_pod_inner-300x200.webp 300w, https:\/\/www.serendipalm.de\/wp-content\/uploads\/2024\/12\/cocoa_pod_inner-768x512.webp 768w, https:\/\/www.serendipalm.de\/wp-content\/uploads\/2024\/12\/cocoa_pod_inner.webp 1500w\" sizes=\"auto, (max-width: 1024px) 100vw, 1024px\" \/><\/figure>\n<\/div>\n<\/div>\n\n\n\n<div style=\"height:50px\" aria-hidden=\"true\" class=\"wp-block-spacer\"><\/div>\n<\/div>\n<\/div>\n","protected":false},"excerpt":{"rendered":"<p>Palm\u00f6l von Kleinbauern Zertifizierungen Geringere Produktion Qualit\u00e4t Kakao von Kleinbauern Echtes Bio &amp; Fair Trade Qualit\u00e4t des Kakaos<\/p>\n","protected":false},"author":1,"featured_media":0,"parent":0,"menu_order":0,"comment_status":"closed","ping_status":"closed","template":"page-no-title","meta":{"footnotes":""},"class_list":["post-63","page","type-page","status-publish","hentry"],"_links":{"self":[{"href":"https:\/\/www.serendipalm.de\/index.php?rest_route=\/wp\/v2\/pages\/63","targetHints":{"allow":["GET"]}}],"collection":[{"href":"https:\/\/www.serendipalm.de\/index.php?rest_route=\/wp\/v2\/pages"}],"about":[{"href":"https:\/\/www.serendipalm.de\/index.php?rest_route=\/wp\/v2\/types\/page"}],"author":[{"embeddable":true,"href":"https:\/\/www.serendipalm.de\/index.php?rest_route=\/wp\/v2\/users\/1"}],"replies":[{"embeddable":true,"href":"https:\/\/www.serendipalm.de\/index.php?rest_route=%2Fwp%2Fv2%2Fcomments&post=63"}],"version-history":[{"count":183,"href":"https:\/\/www.serendipalm.de\/index.php?rest_route=\/wp\/v2\/pages\/63\/revisions"}],"predecessor-version":[{"id":1403,"href":"https:\/\/www.serendipalm.de\/index.php?rest_route=\/wp\/v2\/pages\/63\/revisions\/1403"}],"wp:attachment":[{"href":"https:\/\/www.serendipalm.de\/index.php?rest_route=%2Fwp%2Fv2%2Fmedia&parent=63"}],"curies":[{"name":"wp","href":"https:\/\/api.w.org\/{rel}","templated":true}]}}