{"id":304,"date":"2024-11-26T10:19:44","date_gmt":"2024-11-26T10:19:44","guid":{"rendered":"https:\/\/www.serendipalm.de\/?page_id=304"},"modified":"2026-04-21T11:39:46","modified_gmt":"2026-04-21T11:39:46","slug":"landwirtschaft-agroforst","status":"publish","type":"page","link":"https:\/\/www.serendipalm.de\/?page_id=304","title":{"rendered":"Agroforst"},"content":{"rendered":"\n<div class=\"wp-block-group alignfull has-background has-global-padding is-layout-constrained wp-container-core-group-is-layout-5ee355ae wp-block-group-is-layout-constrained\" style=\"background-color:#ffcf00;padding-top:0;padding-bottom:0\">\n<div class=\"wp-block-cover alignfull is-light\" style=\"min-height:556px;aspect-ratio:unset;\"><video class=\"wp-block-cover__video-background intrinsic-ignore\" autoplay muted loop playsinline src=\"https:\/\/www.serendipalm.de\/wp-content\/uploads\/2024\/11\/daf_drone.mov\" data-object-fit=\"cover\"><\/video><span aria-hidden=\"true\" class=\"wp-block-cover__background has-background-dim-30 has-background-dim\"><\/span><div class=\"wp-block-cover__inner-container is-layout-flow wp-block-cover-is-layout-flow\">\n<p class=\"has-text-align-center has-base-color has-text-color has-link-color wp-elements-df56cd1854b7c99c321e9befc95061ff\" style=\"font-size:clamp(3.426rem, 3.426rem + ((1vw - 0.2rem) * 5.606), 7rem);\">Agroforst<\/p>\n<\/div><\/div>\n\n\n\n<h2 class=\"wp-block-heading has-text-align-center is-style-asterisk\" style=\"padding-top:var(--wp--preset--spacing--50);padding-bottom:var(--wp--preset--spacing--50)\">Agroforstsysteme ahmen nat\u00fcrliche \u00d6kosysteme nach, da sie B\u00e4ume, Str\u00e4ucher und landwirtschaftliche Kulturen kombinieren. Das hat viele Vorteile:<\/h2>\n<\/div>\n\n\n\n<div class=\"wp-block-group alignfull has-base-2-background-color has-background has-global-padding is-layout-constrained wp-container-core-group-is-layout-a117b2cc wp-block-group-is-layout-constrained\" style=\"margin-top:var(--wp--preset--spacing--60);margin-bottom:var(--wp--preset--spacing--60);padding-top:0;padding-right:var(--wp--preset--spacing--10);padding-bottom:0;padding-left:var(--wp--preset--spacing--10)\">\n<div style=\"margin-top:0;margin-bottom:0;height:20px\" aria-hidden=\"true\" class=\"wp-block-spacer\"><\/div>\n\n\n\n<div class=\"wp-block-columns alignwide is-layout-flex wp-container-core-columns-is-layout-6524f271 wp-block-columns-is-layout-flex\" style=\"padding-right:var(--wp--preset--spacing--50);padding-left:var(--wp--preset--spacing--50)\">\n<div class=\"wp-block-column is-layout-flow wp-container-core-column-is-layout-82d4dbda wp-block-column-is-layout-flow\" style=\"padding-top:0;padding-bottom:0\">\n<h2 class=\"wp-block-heading has-text-align-left is-style-asterisk has-body-font-family has-x-large-font-size\" style=\"font-style:normal;font-weight:700\"><strong>Klimaschutz<\/strong><\/h2>\n\n\n\n<p class=\"has-text-align-left\">B\u00e4ume und Str\u00e4ucher binden CO\u2082 in Holz und Boden, senken Treibhausgase und mindern Klimarisiken.<\/p>\n<\/div>\n\n\n\n<div class=\"wp-block-column is-layout-flow wp-container-core-column-is-layout-e3d1c41b wp-block-column-is-layout-flow\">\n<h2 class=\"wp-block-heading has-text-align-left is-style-asterisk has-body-font-family has-x-large-font-size\" style=\"font-style:normal;font-weight:700\"><strong>Bodenverbesserung<\/strong>:<\/h2>\n\n\n\n<p class=\"has-text-align-left\">Wurzeln stabilisieren den Boden, Laub reichert ihn mit N\u00e4hrstoffen an und f\u00f6rdert die Fruchtbarkeit.<\/p>\n<\/div>\n\n\n\n<div class=\"wp-block-column is-layout-flow wp-container-core-column-is-layout-040789e5 wp-block-column-is-layout-flow\" style=\"padding-right:0;padding-left:0\">\n<h2 class=\"wp-block-heading has-text-align-left is-style-asterisk has-body-font-family has-x-large-font-size\" style=\"font-style:normal;font-weight:800\"><strong>Wasserhaushalt<\/strong>:<\/h2>\n\n\n\n<p class=\"has-text-align-left\">Schatten reduziert die Verdunstung, Wurzeln speichern Wasser und filtern Schadstoffe.<\/p>\n<\/div>\n<\/div>\n\n\n\n<div style=\"height:var(--wp--preset--spacing--20)\" aria-hidden=\"true\" class=\"wp-block-spacer\"><\/div>\n\n\n\n<div class=\"wp-block-columns alignwide is-layout-flex wp-container-core-columns-is-layout-2f1c8c2e wp-block-columns-is-layout-flex\" style=\"padding-right:var(--wp--preset--spacing--50);padding-left:var(--wp--preset--spacing--50)\">\n<div class=\"wp-block-column is-layout-flow wp-container-core-column-is-layout-e3d1c41b wp-block-column-is-layout-flow\">\n<h2 class=\"wp-block-heading has-text-align-left is-style-asterisk has-body-font-family has-x-large-font-size\" style=\"font-style:normal;font-weight:600\"><strong>Biodiversit\u00e4t<\/strong><\/h2>\n\n\n\n<p class=\"has-text-align-left\">B\u00e4ume schaffen Lebensr\u00e4ume f\u00fcr Tiere und Insekten, f\u00f6rdern das \u00f6kologische Gleichgewicht und kontrollieren Sch\u00e4dlinge.<\/p>\n<\/div>\n\n\n\n<div class=\"wp-block-column is-layout-flow wp-container-core-column-is-layout-e3d1c41b wp-block-column-is-layout-flow\">\n<h2 class=\"wp-block-heading has-text-align-left is-style-asterisk has-body-font-family has-x-large-font-size\" style=\"font-style:normal;font-weight:600\"><strong>Zusatznutzen<\/strong><\/h2>\n\n\n\n<p class=\"has-text-align-left\">B\u00e4ume in Agroforstsystemen liefern neben der Hauptnutzung zus\u00e4tzliche Produkte. Agroforstsysteme steigern so Produktivit\u00e4t, Einkommen und Ern\u00e4hrungssicherheit der Landwirt:innen.<\/p>\n<\/div>\n\n\n\n<div class=\"wp-block-column is-layout-flow wp-container-core-column-is-layout-e3d1c41b wp-block-column-is-layout-flow\">\n<h2 class=\"wp-block-heading has-text-align-left is-style-asterisk has-body-font-family has-x-large-font-size\" style=\"font-style:normal;font-weight:600\">Nachhaltigkeit<\/h2>\n\n\n\n<p class=\"has-text-align-left\">Das System erm\u00f6glicht eine langfristig nachhaltige, ertragreiche Produktion ohne den Einsatz externer Hilfsmittel, insbesondere von D\u00fcngemitteln und Pestiziden.<\/p>\n<\/div>\n<\/div>\n\n\n\n<div style=\"height:var(--wp--preset--spacing--20)\" aria-hidden=\"true\" class=\"wp-block-spacer\"><\/div>\n<\/div>\n\n\n\n<div class=\"wp-block-group alignfull has-background has-global-padding is-layout-constrained wp-block-group-is-layout-constrained\" style=\"background-color:#ffcf00\">\n<div style=\"height:25px\" aria-hidden=\"true\" class=\"wp-block-spacer\"><\/div>\n\n\n\n<div class=\"wp-block-group is-vertical is-content-justification-center is-layout-flex wp-container-core-group-is-layout-6329a8f3 wp-block-group-is-layout-flex\">\n<h2 class=\"wp-block-heading has-text-align-center is-style-asterisk\">Dynamische Landwirtschaft erkl\u00e4rt<\/h2>\n\n\n\n<p class=\"has-text-align-center\">Die Bewirtschaftung von Agroforstsystemen orientiert sich an der nat\u00fcrlichen Schichtung\/Ebenen (Strata) von W\u00e4ldern, um Ressourcen wie Licht, Wasser und N\u00e4hrstoffe effizient zu nutzen. Jede Schicht wird gezielt bepflanzt und gepflegt, um Synergien zwischen den Pflanzen zu f\u00f6rdern.<\/p>\n<\/div>\n\n\n\n<div style=\"height:50px\" aria-hidden=\"true\" class=\"wp-block-spacer\"><\/div>\n\n\n\n<div class=\"wp-block-columns alignwide is-layout-flex wp-container-core-columns-is-layout-d1c656ed wp-block-columns-is-layout-flex\">\n<div class=\"wp-block-column is-vertically-aligned-center is-layout-flow wp-block-column-is-layout-flow\" style=\"flex-basis:40%\">\n<h2 class=\"wp-block-heading has-text-align-left is-style-asterisk\">Oberste Strata (Baumschicht)<\/h2>\n\n\n\n<p class=\"has-text-align-center\"><em>zwischen roten Linien im Bild<\/em><\/p>\n\n\n\n<ul style=\"line-height:1.75\" class=\"wp-block-list is-style-checkmark-list\">\n<li><strong>Pflanzenwahl<\/strong>: Hohe B\u00e4ume wie \u00d6lpalme, Kokosnuss, Nutzholz oder Schattenb\u00e4ume.<\/li>\n\n\n\n<li><strong>Pflege<\/strong>: Regelm\u00e4\u00dfiger Schnitt zur Lichtsteuerung und Ernte von Holz oder Fr\u00fcchten.<\/li>\n\n\n\n<li><strong>Funktion<\/strong>: Spendet Schatten, sch\u00fctzt den Boden vor Erosion und bindet Kohlenstoff.<\/li>\n<\/ul>\n<\/div>\n\n\n\n<div class=\"wp-block-column is-layout-flow wp-block-column-is-layout-flow\" style=\"flex-basis:50%\">\n<figure class=\"wp-block-image size-large is-style-rounded\"><img loading=\"lazy\" decoding=\"async\" width=\"1024\" height=\"768\" src=\"https:\/\/www.serendipalm.de\/wp-content\/uploads\/2024\/11\/obere-strata-1024x768.webp\" alt=\"\" class=\"wp-image-327\" srcset=\"https:\/\/www.serendipalm.de\/wp-content\/uploads\/2024\/11\/obere-strata-1024x768.webp 1024w, https:\/\/www.serendipalm.de\/wp-content\/uploads\/2024\/11\/obere-strata-300x225.webp 300w, https:\/\/www.serendipalm.de\/wp-content\/uploads\/2024\/11\/obere-strata-768x576.webp 768w, https:\/\/www.serendipalm.de\/wp-content\/uploads\/2024\/11\/obere-strata.webp 1300w\" sizes=\"auto, (max-width: 1024px) 100vw, 1024px\" \/><\/figure>\n<\/div>\n<\/div>\n\n\n\n<div style=\"height:80px\" aria-hidden=\"true\" class=\"wp-block-spacer\"><\/div>\n\n\n\n<div class=\"wp-block-columns alignwide is-layout-flex wp-container-core-columns-is-layout-d1c656ed wp-block-columns-is-layout-flex\">\n<div class=\"wp-block-column is-layout-flow wp-block-column-is-layout-flow\" style=\"flex-basis:50%\">\n<figure class=\"wp-block-image size-large is-style-rounded\"><img loading=\"lazy\" decoding=\"async\" width=\"1024\" height=\"768\" src=\"https:\/\/www.serendipalm.de\/wp-content\/uploads\/2024\/11\/mittlere-strata-1024x768.webp\" alt=\"\" class=\"wp-image-328\" srcset=\"https:\/\/www.serendipalm.de\/wp-content\/uploads\/2024\/11\/mittlere-strata-1024x768.webp 1024w, https:\/\/www.serendipalm.de\/wp-content\/uploads\/2024\/11\/mittlere-strata-300x225.webp 300w, https:\/\/www.serendipalm.de\/wp-content\/uploads\/2024\/11\/mittlere-strata-768x576.webp 768w, https:\/\/www.serendipalm.de\/wp-content\/uploads\/2024\/11\/mittlere-strata.webp 1300w\" sizes=\"auto, (max-width: 1024px) 100vw, 1024px\" \/><\/figure>\n<\/div>\n\n\n\n<div class=\"wp-block-column is-vertically-aligned-center is-layout-flow wp-block-column-is-layout-flow\" style=\"flex-basis:40%\">\n<h2 class=\"wp-block-heading has-text-align-left is-style-asterisk\">Mittlere Strata (Strauchschicht)<\/h2>\n\n\n\n<p class=\"has-text-align-center\"><em>zwischen blauen Linien im Bild<\/em><\/p>\n\n\n\n<ul style=\"line-height:1.75\" class=\"wp-block-list is-style-checkmark-list\">\n<li><strong>Pflanzenwahl<\/strong>: Obstb\u00e4ume, Bananenstauden und, diverse Str\u00e4ucher.<\/li>\n\n\n\n<li><strong>Pflege<\/strong>: Gezielte Pflanzabst\u00e4nde, um ausreichend Licht zu sichern.<\/li>\n\n\n\n<li><strong>Funktion<\/strong>: Nischenpflanzen erg\u00e4nzen die Produktpalette und f\u00f6rdern die Biodiversit\u00e4t.<\/li>\n<\/ul>\n<\/div>\n<\/div>\n\n\n\n<div style=\"height:80px\" aria-hidden=\"true\" class=\"wp-block-spacer\"><\/div>\n\n\n\n<div class=\"wp-block-columns alignwide is-layout-flex wp-container-core-columns-is-layout-d1c656ed wp-block-columns-is-layout-flex\">\n<div class=\"wp-block-column is-vertically-aligned-center is-layout-flow wp-block-column-is-layout-flow\" style=\"flex-basis:40%\">\n<h2 class=\"wp-block-heading has-text-align-left is-style-asterisk\">Untere Strata (Krautschicht)<\/h2>\n\n\n\n<p class=\"has-text-align-center\"><em>zwischen gr\u00fcnen Linien im Bild<\/em><\/p>\n\n\n\n<ul style=\"line-height:1.75\" class=\"wp-block-list is-style-checkmark-list\">\n<li><strong>Pflanzenwahl<\/strong>: bodennaher Anbau von schattenliebenden Pflanzen wie Kakao, Kaffee, Maniok, Ingwer, Kurkuma.<\/li>\n\n\n\n<li><strong>Pflege<\/strong>: Baumschnitt, Fruchtfolge und Unkrautkontrolle f\u00fcr eine optimale Bodenbedeckung.<\/li>\n\n\n\n<li><strong>Funktion<\/strong>: Schutz vor Unkraut und Austrocknung, zus\u00e4tzliche Ertr\u00e4ge.<\/li>\n<\/ul>\n<\/div>\n\n\n\n<div class=\"wp-block-column is-layout-flow wp-block-column-is-layout-flow\" style=\"flex-basis:50%\">\n<figure class=\"wp-block-image size-large is-style-rounded\"><img loading=\"lazy\" decoding=\"async\" width=\"1024\" height=\"768\" src=\"https:\/\/www.serendipalm.de\/wp-content\/uploads\/2024\/11\/untere-strata-1024x768.webp\" alt=\"\" class=\"wp-image-329\" srcset=\"https:\/\/www.serendipalm.de\/wp-content\/uploads\/2024\/11\/untere-strata-1024x768.webp 1024w, https:\/\/www.serendipalm.de\/wp-content\/uploads\/2024\/11\/untere-strata-300x225.webp 300w, https:\/\/www.serendipalm.de\/wp-content\/uploads\/2024\/11\/untere-strata-768x576.webp 768w, https:\/\/www.serendipalm.de\/wp-content\/uploads\/2024\/11\/untere-strata-1536x1152.webp 1536w, https:\/\/www.serendipalm.de\/wp-content\/uploads\/2024\/11\/untere-strata-2048x1536.webp 2048w\" sizes=\"auto, (max-width: 1024px) 100vw, 1024px\" \/><\/figure>\n<\/div>\n<\/div>\n\n\n\n<div style=\"height:80px\" aria-hidden=\"true\" class=\"wp-block-spacer\"><\/div>\n\n\n\n<div class=\"wp-block-columns alignwide is-layout-flex wp-container-core-columns-is-layout-d1c656ed wp-block-columns-is-layout-flex\">\n<div class=\"wp-block-column is-layout-flow wp-block-column-is-layout-flow\" style=\"flex-basis:50%\">\n<figure class=\"wp-block-image size-large is-style-rounded\"><img loading=\"lazy\" decoding=\"async\" width=\"1024\" height=\"768\" src=\"https:\/\/www.serendipalm.de\/wp-content\/uploads\/2024\/11\/wurzelschicht-1024x768.webp\" alt=\"\" class=\"wp-image-333\" srcset=\"https:\/\/www.serendipalm.de\/wp-content\/uploads\/2024\/11\/wurzelschicht-1024x768.webp 1024w, https:\/\/www.serendipalm.de\/wp-content\/uploads\/2024\/11\/wurzelschicht-300x225.webp 300w, https:\/\/www.serendipalm.de\/wp-content\/uploads\/2024\/11\/wurzelschicht-768x576.webp 768w, https:\/\/www.serendipalm.de\/wp-content\/uploads\/2024\/11\/wurzelschicht-1536x1152.webp 1536w, https:\/\/www.serendipalm.de\/wp-content\/uploads\/2024\/11\/wurzelschicht-2048x1536.webp 2048w\" sizes=\"auto, (max-width: 1024px) 100vw, 1024px\" \/><\/figure>\n<\/div>\n\n\n\n<div class=\"wp-block-column is-vertically-aligned-center is-layout-flow wp-block-column-is-layout-flow\" style=\"flex-basis:40%\">\n<h2 class=\"wp-block-heading has-text-align-left is-style-asterisk\">Bodenschicht (Wurzelschicht)<\/h2>\n\n\n\n<p class=\"has-text-align-center\">gelber Pfeil<\/p>\n\n\n\n<ul style=\"line-height:1.75\" class=\"wp-block-list is-style-checkmark-list\">\n<li><strong>Pflanzenwahl<\/strong>: Stickstofffixierende Pflanzen, die Bodenfruchtbarkeit f\u00f6rdern, &nbsp;wie z.&nbsp;B. Bohnen.<\/li>\n\n\n\n<li><strong>Pflege<\/strong>: regelm\u00e4\u00dfiges Mulchen und Kompostierung.<\/li>\n\n\n\n<li><strong>Funktion<\/strong>: Bindung von N\u00e4hrstoffen, Verbesserung der Bodenstruktur. Humusaufbau, Verhinderung von Bodenversauerung.<\/li>\n<\/ul>\n<\/div>\n<\/div>\n\n\n\n<div style=\"height:80px\" aria-hidden=\"true\" class=\"wp-block-spacer\"><\/div>\n<\/div>\n\n\n\n<div class=\"wp-block-cover alignfull\" style=\"margin-top:0;margin-bottom:0;padding-top:0;padding-bottom:0;min-height:605px;aspect-ratio:unset;\"><img loading=\"lazy\" decoding=\"async\" width=\"2000\" height=\"1147\" class=\"wp-block-cover__image-background wp-image-336\" alt=\"\" src=\"https:\/\/www.serendipalm.de\/wp-content\/uploads\/2024\/11\/drone_daf_pic.webp\" style=\"object-position:52% 80%\" data-object-fit=\"cover\" data-object-position=\"52% 80%\" srcset=\"https:\/\/www.serendipalm.de\/wp-content\/uploads\/2024\/11\/drone_daf_pic.webp 2000w, https:\/\/www.serendipalm.de\/wp-content\/uploads\/2024\/11\/drone_daf_pic-300x172.webp 300w, https:\/\/www.serendipalm.de\/wp-content\/uploads\/2024\/11\/drone_daf_pic-1024x587.webp 1024w, https:\/\/www.serendipalm.de\/wp-content\/uploads\/2024\/11\/drone_daf_pic-768x440.webp 768w, https:\/\/www.serendipalm.de\/wp-content\/uploads\/2024\/11\/drone_daf_pic-1536x881.webp 1536w\" sizes=\"auto, (max-width: 2000px) 100vw, 2000px\" \/><span aria-hidden=\"true\" class=\"wp-block-cover__background has-background-dim-0 has-background-dim\"><\/span><div class=\"wp-block-cover__inner-container has-global-padding is-layout-constrained wp-container-core-cover-is-layout-e4e01e4e wp-block-cover-is-layout-constrained\">\n<h2 class=\"wp-block-heading alignwide has-text-align-center\" id=\"we-re-a-studio-in-berlin-with-an-international-practice-in-architecture-urban-planning-and-interior-design-we-believe-in-sharing-knowledge-and-promoting-dialogue-to-increase-the-creative-potential-of-collaboration\" style=\"font-size:clamp(27.894px, 1.743rem + ((1vw - 3.2px) * 1.971), 48px);line-height:1.1\"><em>Durch Agroforstsysteme entsteht eine Polykultur.<\/em><\/h2>\n\n\n\n<h2 class=\"wp-block-heading alignwide has-text-align-center\" id=\"we-re-a-studio-in-berlin-with-an-international-practice-in-architecture-urban-planning-and-interior-design-we-believe-in-sharing-knowledge-and-promoting-dialogue-to-increase-the-creative-potential-of-collaboration\" style=\"font-size:clamp(27.894px, 1.743rem + ((1vw - 3.2px) * 1.971), 48px);line-height:1.1\"><em>Die resilient auf Sch\u00e4dlinge und Umweltfaktoren<\/em> <em>reagiert<\/em>.<\/h2>\n<\/div><\/div>\n\n\n\n<div class=\"wp-block-group alignfull has-background has-global-padding is-layout-constrained wp-block-group-is-layout-constrained\" style=\"background-color:#ffcf00;margin-top:0;margin-bottom:0\">\n<div style=\"height:25px\" aria-hidden=\"true\" class=\"wp-block-spacer\"><\/div>\n\n\n\n<div class=\"wp-block-group is-vertical is-content-justification-center is-layout-flex wp-container-core-group-is-layout-6329a8f3 wp-block-group-is-layout-flex\">\n<h2 class=\"wp-block-heading has-text-align-center is-style-asterisk\">Agroforstsysteme bei Serendipalm<\/h2>\n\n\n\n<div style=\"height:0px\" aria-hidden=\"true\" class=\"wp-block-spacer wp-container-content-c00f5982\"><\/div>\n\n\n\n<p class=\"has-text-align-center\">Der ghanaische Anbau (insbesondere von Kakao und \u00d6lpalmen), ist gepr\u00e4gt von Monokulturen, ausgelaugten B\u00f6den und sinkenden Ertr\u00e4gen. Die Auswirkungen des Klimawandels sind sichtbar und werden voraussichtlich zu weiteren Ertragseinbu\u00dfen f\u00fchren.&nbsp;<\/p>\n<\/div>\n\n\n\n<div style=\"height:25px\" aria-hidden=\"true\" class=\"wp-block-spacer\"><\/div>\n\n\n\n<div class=\"wp-block-columns alignwide is-layout-flex wp-container-core-columns-is-layout-d1c656ed wp-block-columns-is-layout-flex\">\n<div class=\"wp-block-column is-vertically-aligned-center is-layout-flow wp-block-column-is-layout-flow\" style=\"flex-basis:40%\">\n<p class=\"has-text-align-center\">Serendipalm m\u00f6chte Alternativen aufzeigen und hat deshalb 2017 begonnen, Erfahrungen mit DAF zu sammeln. 90 ha DAF und eine Baumschule wurden angelegt, die auch als Demonstrationsfl\u00e4chen zur Schulung von Kleinbauern dienen.<\/p>\n<\/div>\n\n\n\n<div class=\"wp-block-column is-layout-flow wp-block-column-is-layout-flow\" style=\"flex-basis:50%\">\n<figure class=\"wp-block-image size-large has-custom-border is-style-rounded\"><img loading=\"lazy\" decoding=\"async\" width=\"1024\" height=\"684\" src=\"https:\/\/www.serendipalm.de\/wp-content\/uploads\/2026\/04\/DAF-field-young_view-tower-1024x684.webp\" alt=\"\" class=\"wp-image-1419\" style=\"border-style:none;border-width:0px;border-top-left-radius:15px;border-top-right-radius:15px;border-bottom-left-radius:15px;border-bottom-right-radius:15px\" srcset=\"https:\/\/www.serendipalm.de\/wp-content\/uploads\/2026\/04\/DAF-field-young_view-tower-1024x684.webp 1024w, https:\/\/www.serendipalm.de\/wp-content\/uploads\/2026\/04\/DAF-field-young_view-tower-300x200.webp 300w, https:\/\/www.serendipalm.de\/wp-content\/uploads\/2026\/04\/DAF-field-young_view-tower-768x513.webp 768w, https:\/\/www.serendipalm.de\/wp-content\/uploads\/2026\/04\/DAF-field-young_view-tower.webp 1500w\" sizes=\"auto, (max-width: 1024px) 100vw, 1024px\" \/><\/figure>\n<\/div>\n<\/div>\n\n\n\n<div style=\"height:80px\" aria-hidden=\"true\" class=\"wp-block-spacer\"><\/div>\n\n\n\n<div class=\"wp-block-columns alignwide is-layout-flex wp-container-core-columns-is-layout-d1c656ed wp-block-columns-is-layout-flex\">\n<div class=\"wp-block-column is-layout-flow wp-block-column-is-layout-flow\" style=\"flex-basis:50%\">\n<figure class=\"wp-block-image size-large has-custom-border is-style-rounded\"><img loading=\"lazy\" decoding=\"async\" width=\"1024\" height=\"575\" src=\"https:\/\/www.serendipalm.de\/wp-content\/uploads\/2026\/04\/DAF-Abaam-Sept.-2023-1-1024x575.webp\" alt=\"\" class=\"wp-image-1421\" style=\"border-top-left-radius:15px;border-top-right-radius:15px;border-bottom-left-radius:15px;border-bottom-right-radius:15px\" srcset=\"https:\/\/www.serendipalm.de\/wp-content\/uploads\/2026\/04\/DAF-Abaam-Sept.-2023-1-1024x575.webp 1024w, https:\/\/www.serendipalm.de\/wp-content\/uploads\/2026\/04\/DAF-Abaam-Sept.-2023-1-300x169.webp 300w, https:\/\/www.serendipalm.de\/wp-content\/uploads\/2026\/04\/DAF-Abaam-Sept.-2023-1-768x432.webp 768w, https:\/\/www.serendipalm.de\/wp-content\/uploads\/2026\/04\/DAF-Abaam-Sept.-2023-1.webp 1500w\" sizes=\"auto, (max-width: 1024px) 100vw, 1024px\" \/><\/figure>\n<\/div>\n\n\n\n<div class=\"wp-block-column is-vertically-aligned-center is-layout-flow wp-block-column-is-layout-flow\" style=\"flex-basis:40%\">\n<p class=\"has-text-align-center\">Von 2020 bis 2023 half Serendipalm 430 Kleinbauern dabei, weitere 300 ha DAF\u2011Fl\u00e4chen zu pflanzen und zu pflegen. Hier wachsen Kakao, \u00d6lpalme, Waldb\u00e4ume und Str\u00e4ucher zusammen mit einer Vielzahl weiterer Kulturen wie Zitrusfr\u00fcchten, Mango, Avocado, Cashew und Bananen. Dieses Projekt wurde von der Deutschen Investitions- und Entwicklungsgesellschaft (DEG) unterst\u00fctzt. Die Kleinbauern sowie technische Teams wurden in der Bewirtschaftung und Pflege der Fl\u00e4chen geschult.&nbsp;<\/p>\n<\/div>\n<\/div>\n\n\n\n<div style=\"height:80px\" aria-hidden=\"true\" class=\"wp-block-spacer\"><\/div>\n\n\n\n<div class=\"wp-block-columns alignwide is-layout-flex wp-container-core-columns-is-layout-d1c656ed wp-block-columns-is-layout-flex\">\n<div class=\"wp-block-column is-vertically-aligned-center is-layout-flow wp-block-column-is-layout-flow\" style=\"flex-basis:40%\">\n<p class=\"has-text-align-center\">Im Juli 2025 begann Serendipalm damit, weitere 800 Hektar in verschiedenen Formen der gemischten Agroforstwirtschaft anzupflanzen. Neben diversen B\u00e4umen und Str\u00e4uchern wachsen hier auch Feldkulturen wie Maniok und Ananas.<\/p>\n<\/div>\n\n\n\n<div class=\"wp-block-column is-layout-flow wp-block-column-is-layout-flow\" style=\"flex-basis:50%\">\n<figure class=\"wp-block-image size-full has-custom-border is-style-rounded\"><img loading=\"lazy\" decoding=\"async\" width=\"1500\" height=\"999\" src=\"https:\/\/www.serendipalm.de\/wp-content\/uploads\/2026\/04\/DAF-field-older_drone-image_higher_AQ.webp\" alt=\"\" class=\"wp-image-1422\" style=\"border-top-left-radius:15px;border-top-right-radius:15px;border-bottom-left-radius:15px;border-bottom-right-radius:15px\" srcset=\"https:\/\/www.serendipalm.de\/wp-content\/uploads\/2026\/04\/DAF-field-older_drone-image_higher_AQ.webp 1500w, https:\/\/www.serendipalm.de\/wp-content\/uploads\/2026\/04\/DAF-field-older_drone-image_higher_AQ-300x200.webp 300w, https:\/\/www.serendipalm.de\/wp-content\/uploads\/2026\/04\/DAF-field-older_drone-image_higher_AQ-1024x682.webp 1024w, https:\/\/www.serendipalm.de\/wp-content\/uploads\/2026\/04\/DAF-field-older_drone-image_higher_AQ-768x511.webp 768w\" sizes=\"auto, (max-width: 1500px) 100vw, 1500px\" \/><\/figure>\n<\/div>\n<\/div>\n\n\n\n<div style=\"height:80px\" aria-hidden=\"true\" class=\"wp-block-spacer\"><\/div>\n<\/div>\n","protected":false},"excerpt":{"rendered":"<p>Agroforstsysteme ahmen nat\u00fcrliche \u00d6kosysteme nach, da sie B\u00e4ume, Str\u00e4ucher und landwirtschaftliche Kulturen kombinieren. Das hat viele Vorteile: Klimaschutz B\u00e4ume und Str\u00e4ucher binden CO\u2082 in Holz und Boden, senken Treibhausgase und mindern Klimarisiken. Bodenverbesserung: Wurzeln stabilisieren den Boden, Laub reichert ihn mit N\u00e4hrstoffen an und f\u00f6rdert die Fruchtbarkeit. Wasserhaushalt: Schatten reduziert die Verdunstung, Wurzeln speichern Wasser [&hellip;]<\/p>\n","protected":false},"author":1,"featured_media":0,"parent":0,"menu_order":0,"comment_status":"closed","ping_status":"closed","template":"page-no-title","meta":{"footnotes":""},"class_list":["post-304","page","type-page","status-publish","hentry"],"_links":{"self":[{"href":"https:\/\/www.serendipalm.de\/index.php?rest_route=\/wp\/v2\/pages\/304","targetHints":{"allow":["GET"]}}],"collection":[{"href":"https:\/\/www.serendipalm.de\/index.php?rest_route=\/wp\/v2\/pages"}],"about":[{"href":"https:\/\/www.serendipalm.de\/index.php?rest_route=\/wp\/v2\/types\/page"}],"author":[{"embeddable":true,"href":"https:\/\/www.serendipalm.de\/index.php?rest_route=\/wp\/v2\/users\/1"}],"replies":[{"embeddable":true,"href":"https:\/\/www.serendipalm.de\/index.php?rest_route=%2Fwp%2Fv2%2Fcomments&post=304"}],"version-history":[{"count":118,"href":"https:\/\/www.serendipalm.de\/index.php?rest_route=\/wp\/v2\/pages\/304\/revisions"}],"predecessor-version":[{"id":1428,"href":"https:\/\/www.serendipalm.de\/index.php?rest_route=\/wp\/v2\/pages\/304\/revisions\/1428"}],"wp:attachment":[{"href":"https:\/\/www.serendipalm.de\/index.php?rest_route=%2Fwp%2Fv2%2Fmedia&parent=304"}],"curies":[{"name":"wp","href":"https:\/\/api.w.org\/{rel}","templated":true}]}}