{"id":1282,"date":"2026-02-24T10:01:53","date_gmt":"2026-02-24T10:01:53","guid":{"rendered":"https:\/\/www.serendipalm.de\/?page_id=1282"},"modified":"2026-04-22T09:33:26","modified_gmt":"2026-04-22T09:33:26","slug":"zertifizierungen","status":"publish","type":"page","link":"https:\/\/www.serendipalm.de\/?page_id=1282","title":{"rendered":"Zertifizierungen"},"content":{"rendered":"\n<div class=\"wp-block-cover alignfull\" style=\"padding-right:0;padding-left:0;min-height:556px;aspect-ratio:unset;\"><img loading=\"lazy\" decoding=\"async\" width=\"1500\" height=\"818\" class=\"wp-block-cover__image-background wp-image-1286 size-full\" alt=\"\" src=\"https:\/\/www.serendipalm.de\/wp-content\/uploads\/2026\/02\/field_zerti_banner.webp\" data-object-fit=\"cover\" srcset=\"https:\/\/www.serendipalm.de\/wp-content\/uploads\/2026\/02\/field_zerti_banner.webp 1500w, https:\/\/www.serendipalm.de\/wp-content\/uploads\/2026\/02\/field_zerti_banner-300x164.webp 300w, https:\/\/www.serendipalm.de\/wp-content\/uploads\/2026\/02\/field_zerti_banner-1024x558.webp 1024w, https:\/\/www.serendipalm.de\/wp-content\/uploads\/2026\/02\/field_zerti_banner-768x419.webp 768w\" sizes=\"auto, (max-width: 1500px) 100vw, 1500px\" \/><span aria-hidden=\"true\" class=\"wp-block-cover__background has-background-dim-0 has-background-dim\" style=\"background-color:#6d7235\"><\/span><div class=\"wp-block-cover__inner-container has-global-padding is-layout-constrained wp-container-core-cover-is-layout-7db9d80f wp-block-cover-is-layout-constrained\">\n<p class=\"has-text-align-center has-base-color has-text-color has-link-color wp-elements-56be598ab3770a97d682fbbca5ca19b7\" style=\"font-size:clamp(3.037rem, 3.037rem + ((1vw - 0.2rem) * 4.648), 6rem);\">Zertifizierungen<\/p>\n<\/div><\/div>\n\n\n\n<div class=\"wp-block-group has-global-padding is-layout-constrained wp-block-group-is-layout-constrained\">\n<div style=\"height:50px\" aria-hidden=\"true\" class=\"wp-block-spacer\"><\/div>\n\n\n\n<div class=\"wp-block-group is-content-justification-center is-nowrap is-layout-flex wp-container-core-group-is-layout-23441af8 wp-block-group-is-layout-flex\">\n<figure class=\"wp-block-image size-medium has-custom-border\"><img loading=\"lazy\" decoding=\"async\" width=\"300\" height=\"199\" src=\"https:\/\/www.serendipalm.de\/wp-content\/uploads\/2026\/02\/eu_organic-300x199.webp\" alt=\"\" class=\"wp-image-1291\" style=\"border-top-left-radius:15px;border-top-right-radius:15px;border-bottom-left-radius:15px;border-bottom-right-radius:15px;object-fit:cover\" srcset=\"https:\/\/www.serendipalm.de\/wp-content\/uploads\/2026\/02\/eu_organic-300x199.webp 300w, https:\/\/www.serendipalm.de\/wp-content\/uploads\/2026\/02\/eu_organic.webp 650w\" sizes=\"auto, (max-width: 300px) 100vw, 300px\" \/><\/figure>\n<\/div>\n\n\n\n<div style=\"height:20px\" aria-hidden=\"true\" class=\"wp-block-spacer\"><\/div>\n\n\n\n<p class=\"has-text-align-left\">Das EU-Bio-Siegel kennzeichnet Lebensmittel, die nach den \u00f6kologischen Richtlinien der Europ\u00e4ischen Union hergestellt werden. Es steht f\u00fcr umweltschonende Landwirtschaft und nachhaltige Produktion.Der Einsatz von chemisch-synthetischen Pestiziden und Gentechnik ist verboten.<br>Zudem werden artgerechte Tierhaltung und regelm\u00e4\u00dfige Kontrollen vorgeschrieben.<\/p>\n<\/div>\n\n\n\n<div class=\"wp-block-group has-global-padding is-layout-constrained wp-block-group-is-layout-constrained\">\n<div style=\"height:50px\" aria-hidden=\"true\" class=\"wp-block-spacer\"><\/div>\n\n\n\n<div class=\"wp-block-group is-content-justification-center is-nowrap is-layout-flex wp-container-core-group-is-layout-23441af8 wp-block-group-is-layout-flex\">\n<figure class=\"wp-block-image size-medium has-custom-border\"><img loading=\"lazy\" decoding=\"async\" width=\"300\" height=\"300\" src=\"https:\/\/www.serendipalm.de\/wp-content\/uploads\/2026\/02\/fair_for_life-300x300.webp\" alt=\"\" class=\"wp-image-1299\" style=\"border-top-left-radius:15px;border-top-right-radius:15px;border-bottom-left-radius:15px;border-bottom-right-radius:15px;object-fit:cover\" srcset=\"https:\/\/www.serendipalm.de\/wp-content\/uploads\/2026\/02\/fair_for_life-300x300.webp 300w, https:\/\/www.serendipalm.de\/wp-content\/uploads\/2026\/02\/fair_for_life-150x150.webp 150w, https:\/\/www.serendipalm.de\/wp-content\/uploads\/2026\/02\/fair_for_life.webp 650w\" sizes=\"auto, (max-width: 300px) 100vw, 300px\" \/><\/figure>\n<\/div>\n\n\n\n<div style=\"height:20px\" aria-hidden=\"true\" class=\"wp-block-spacer\"><\/div>\n\n\n\n<p class=\"has-text-align-left\">Das Fair for Life Label ist ein Fair-Trade-Programm mit Schwerpunkt auf sozialen Kriterien wie fairen Preisen und guten Arbeitsbedingungen. Im Lebensmittelbereich setzt es in der Regel eine anerkannte Bio-Zertifizierung voraus, etwa das EU-Bio-Logo. Damit kombiniert es \u00f6kologische Standards mit zus\u00e4tzlichen Sozial- und Handelsanforderungen. W\u00e4hrend das EU-Bio-Siegel vorwiegend Umwelt- und Produktionsvorgaben regelt, erweitert Fair for Life diese um verbindliche Fair-Trade-Kriterien.<\/p>\n<\/div>\n\n\n\n<div class=\"wp-block-group has-global-padding is-layout-constrained wp-block-group-is-layout-constrained\">\n<div style=\"height:50px\" aria-hidden=\"true\" class=\"wp-block-spacer\"><\/div>\n\n\n\n<div class=\"wp-block-group is-content-justification-center is-nowrap is-layout-flex wp-container-core-group-is-layout-23441af8 wp-block-group-is-layout-flex\">\n<figure class=\"wp-block-image size-full has-custom-border\"><img loading=\"lazy\" decoding=\"async\" width=\"650\" height=\"262\" src=\"https:\/\/www.serendipalm.de\/wp-content\/uploads\/2026\/02\/roc-certified.webp\" alt=\"\" class=\"wp-image-1303\" style=\"border-top-left-radius:15px;border-top-right-radius:15px;border-bottom-left-radius:15px;border-bottom-right-radius:15px;object-fit:cover\" srcset=\"https:\/\/www.serendipalm.de\/wp-content\/uploads\/2026\/02\/roc-certified.webp 650w, https:\/\/www.serendipalm.de\/wp-content\/uploads\/2026\/02\/roc-certified-300x121.webp 300w\" sizes=\"auto, (max-width: 650px) 100vw, 650px\" \/><\/figure>\n<\/div>\n\n\n\n<div style=\"height:20px\" aria-hidden=\"true\" class=\"wp-block-spacer\"><\/div>\n\n\n\n<p class=\"has-text-align-left\" style=\"padding-right:0;padding-left:0\">Das klassische Bio-Siegel (z.&nbsp;B. das EU-Bio-Logo) legt vorwiegend \u00f6kologische Mindeststandards fest, etwa zum Verzicht auf synthetische Pestizide und Gentechnik.<br>Es ber\u00fccksichtigt jedoch soziale Aspekte, Bodengesundheit oder Klimaeffekte nur teilweise oder indirekt. Erg\u00e4nzende Standards wie Regenerative Organic Certified gehen dar\u00fcber hinaus: Sie verbinden Bio-Anbau mit regenerativer Bodenbewirtschaftung, h\u00f6herem Tierwohl und verbindlichen Sozialkriterien f\u00fcr Arbeiter und Produzenten. Der Bedarf entsteht also, weil viele Unternehmen und Verbraucher nicht nur \u201eweniger sch\u00e4dlich\u201c, sondern aktiv \u00f6kologisch regenerativ und sozial gerecht wirtschaften wollen.<\/p>\n<\/div>\n\n\n\n<div class=\"wp-block-group has-global-padding is-layout-constrained wp-block-group-is-layout-constrained\">\n<div class=\"wp-block-group has-global-padding is-layout-constrained wp-block-group-is-layout-constrained\">\n<div style=\"height:20px\" aria-hidden=\"true\" class=\"wp-block-spacer\"><\/div>\n\n\n\n<div class=\"wp-block-columns is-layout-flex wp-container-core-columns-is-layout-28f84493 wp-block-columns-is-layout-flex\">\n<div class=\"wp-block-column is-layout-flow wp-block-column-is-layout-flow\">\n<figure class=\"wp-block-image aligncenter size-full\"><img loading=\"lazy\" decoding=\"async\" width=\"650\" height=\"765\" src=\"https:\/\/www.serendipalm.de\/wp-content\/uploads\/2026\/02\/naturland_.webp\" alt=\"\" class=\"wp-image-1308\" srcset=\"https:\/\/www.serendipalm.de\/wp-content\/uploads\/2026\/02\/naturland_.webp 650w, https:\/\/www.serendipalm.de\/wp-content\/uploads\/2026\/02\/naturland_-255x300.webp 255w\" sizes=\"auto, (max-width: 650px) 100vw, 650px\" \/><\/figure>\n<\/div>\n\n\n\n<div class=\"wp-block-column is-layout-flow wp-block-column-is-layout-flow\">\n<figure class=\"wp-block-image aligncenter size-large is-resized\"><img loading=\"lazy\" decoding=\"async\" width=\"471\" height=\"1024\" src=\"https:\/\/www.serendipalm.de\/wp-content\/uploads\/2026\/02\/naturland_fair-471x1024.webp\" alt=\"\" class=\"wp-image-1309\" style=\"aspect-ratio:0.4599700439677248;width:175px;height:auto\" srcset=\"https:\/\/www.serendipalm.de\/wp-content\/uploads\/2026\/02\/naturland_fair-471x1024.webp 471w, https:\/\/www.serendipalm.de\/wp-content\/uploads\/2026\/02\/naturland_fair-138x300.webp 138w, https:\/\/www.serendipalm.de\/wp-content\/uploads\/2026\/02\/naturland_fair.webp 650w\" sizes=\"auto, (max-width: 471px) 100vw, 471px\" \/><\/figure>\n<\/div>\n<\/div>\n\n\n\n<div style=\"height:20px\" aria-hidden=\"true\" class=\"wp-block-spacer\"><\/div>\n\n\n\n<p class=\"has-text-align-left\" style=\"padding-right:0;padding-left:0\"><strong>Naturland<\/strong> ist ein deutscher Bio-Verband, der strengere Richtlinien als das staatliche EU-Bio-Logo vorgibt.<br>Neben \u00f6kologischer Landwirtschaft legt Naturland gro\u00dfen Wert auf Umwelt- und Klimaschutz, artgerechte Tierhaltung sowie soziale Verantwortung. Die Standards gelten international und umfassen auch Bereiche wie Fischerei und Forstwirtschaft.<\/p>\n<\/div>\n\n\n\n<p class=\"has-text-align-left\" style=\"padding-right:0;padding-left:0\"><strong>Naturland Fair<\/strong> erg\u00e4nzt die Bio-Zertifizierung um verbindliche Fair-Trade-Kriterien. Dazu geh\u00f6ren faire Preise, langfristige Handelsbeziehungen und soziale Rechte f\u00fcr Produzenten und Arbeiter. Damit kombiniert Naturland \u00f6kologische Standards mit zus\u00e4tzlichen sozialen und wirtschaftlichen Anforderungen.<\/p>\n<\/div>\n\n\n\n<div class=\"wp-block-group has-global-padding is-layout-constrained wp-block-group-is-layout-constrained\" style=\"min-height:650px\">\n<div style=\"height:50px\" aria-hidden=\"true\" class=\"wp-block-spacer\"><\/div>\n\n\n\n<div class=\"wp-block-group is-content-justification-center is-nowrap is-layout-flex wp-container-core-group-is-layout-23441af8 wp-block-group-is-layout-flex\">\n<figure class=\"wp-block-image size-medium has-custom-border\"><img loading=\"lazy\" decoding=\"async\" width=\"293\" height=\"300\" src=\"https:\/\/www.serendipalm.de\/wp-content\/uploads\/2026\/02\/usda_label-293x300.webp\" alt=\"\" class=\"wp-image-1313\" style=\"border-top-left-radius:15px;border-top-right-radius:15px;border-bottom-left-radius:15px;border-bottom-right-radius:15px;object-fit:cover\" srcset=\"https:\/\/www.serendipalm.de\/wp-content\/uploads\/2026\/02\/usda_label-293x300.webp 293w, https:\/\/www.serendipalm.de\/wp-content\/uploads\/2026\/02\/usda_label.webp 650w\" sizes=\"auto, (max-width: 293px) 100vw, 293px\" \/><\/figure>\n<\/div>\n\n\n\n<div style=\"height:20px\" aria-hidden=\"true\" class=\"wp-block-spacer\"><\/div>\n\n\n\n<p class=\"has-text-align-left\" style=\"padding-right:0;padding-left:0\"><strong>USDA Organic<\/strong> ist das staatliche Bio-Siegel der USA und wird vom United States Department of Agriculture vergeben.<br>Es kennzeichnet Produkte, die nach den Richtlinien des National Organic Program (NOP) hergestellt wurden.<br>Der Einsatz von synthetischen Pestiziden, Gentechnik und k\u00fcnstlichen D\u00fcngemitteln ist weitgehend verboten.<br>Auch artgerechte Tierhaltung und regelm\u00e4\u00dfige Kontrollen sind vorgeschrieben. Das Siegel gilt f\u00fcr Lebensmittel, Futtermittel und teilweise auch f\u00fcr Kosmetikprodukte in den USA.<\/p>\n\n\n\n<div style=\"height:50px\" aria-hidden=\"true\" class=\"wp-block-spacer\"><\/div>\n<\/div>\n","protected":false},"excerpt":{"rendered":"<p>Das EU-Bio-Siegel kennzeichnet Lebensmittel, die nach den \u00f6kologischen Richtlinien der Europ\u00e4ischen Union hergestellt werden. Es steht f\u00fcr umweltschonende Landwirtschaft und nachhaltige Produktion.Der Einsatz von chemisch-synthetischen Pestiziden und Gentechnik ist verboten.Zudem werden artgerechte Tierhaltung und regelm\u00e4\u00dfige Kontrollen vorgeschrieben. Das Fair for Life Label ist ein Fair-Trade-Programm mit Schwerpunkt auf sozialen Kriterien wie fairen Preisen und guten [&hellip;]<\/p>\n","protected":false},"author":1,"featured_media":0,"parent":0,"menu_order":0,"comment_status":"closed","ping_status":"closed","template":"","meta":{"footnotes":""},"class_list":["post-1282","page","type-page","status-publish","hentry"],"_links":{"self":[{"href":"https:\/\/www.serendipalm.de\/index.php?rest_route=\/wp\/v2\/pages\/1282","targetHints":{"allow":["GET"]}}],"collection":[{"href":"https:\/\/www.serendipalm.de\/index.php?rest_route=\/wp\/v2\/pages"}],"about":[{"href":"https:\/\/www.serendipalm.de\/index.php?rest_route=\/wp\/v2\/types\/page"}],"author":[{"embeddable":true,"href":"https:\/\/www.serendipalm.de\/index.php?rest_route=\/wp\/v2\/users\/1"}],"replies":[{"embeddable":true,"href":"https:\/\/www.serendipalm.de\/index.php?rest_route=%2Fwp%2Fv2%2Fcomments&post=1282"}],"version-history":[{"count":27,"href":"https:\/\/www.serendipalm.de\/index.php?rest_route=\/wp\/v2\/pages\/1282\/revisions"}],"predecessor-version":[{"id":1433,"href":"https:\/\/www.serendipalm.de\/index.php?rest_route=\/wp\/v2\/pages\/1282\/revisions\/1433"}],"wp:attachment":[{"href":"https:\/\/www.serendipalm.de\/index.php?rest_route=%2Fwp%2Fv2%2Fmedia&parent=1282"}],"curies":[{"name":"wp","href":"https:\/\/api.w.org\/{rel}","templated":true}]}}