{"id":128,"date":"2024-11-19T13:07:27","date_gmt":"2024-11-19T13:07:27","guid":{"rendered":"https:\/\/www.serendipalm.de\/?page_id=128"},"modified":"2026-04-13T14:06:04","modified_gmt":"2026-04-13T14:06:04","slug":"soziale-projekte","status":"publish","type":"page","link":"https:\/\/www.serendipalm.de\/?page_id=128","title":{"rendered":"Gemeinschaftsprojekte"},"content":{"rendered":"\n<div style=\"height:20px\" aria-hidden=\"true\" class=\"wp-block-spacer\"><\/div>\n\n\n\n<div class=\"wp-block-group alignfull has-background has-global-padding is-layout-constrained wp-container-core-group-is-layout-d89aad35 wp-block-group-is-layout-constrained\" style=\"background-color:#ffcf00;margin-top:0;margin-bottom:0;padding-top:var(--wp--preset--spacing--50);padding-right:var(--wp--preset--spacing--50);padding-bottom:var(--wp--preset--spacing--50);padding-left:var(--wp--preset--spacing--50)\">\n<div class=\"wp-block-group is-layout-flow wp-container-core-group-is-layout-d6743c7d wp-block-group-is-layout-flow\">\n<h1 class=\"wp-block-heading has-text-align-center has-large-font-size\">Unsere sozialen Projekte werden durch Dr. Bronners, DEG, GIZ &amp; die Fair Trade-Pr\u00e4mie finanziert.<\/h1>\n\n\n\n<div style=\"height:1.25rem\" aria-hidden=\"true\" class=\"wp-block-spacer\"><\/div>\n\n\n\n<h1 class=\"wp-block-heading has-text-align-center has-large-font-size\">Seit 2013 konnten wir mit:<\/h1>\n\n\n\n<div style=\"height:1.25rem\" aria-hidden=\"true\" class=\"wp-block-spacer\"><\/div>\n\n\n\n<h1 class=\"wp-block-heading has-text-align-center has-accent-3-color has-text-color has-link-color has-x-large-font-size wp-elements-2aab1c7c23936536981098950efe4973\"><strong>\u00fcber 265.000 \u20ac<\/strong><\/h1>\n\n\n\n<div style=\"height:1.25rem\" aria-hidden=\"true\" class=\"wp-block-spacer\"><\/div>\n\n\n\n<h2 class=\"wp-block-heading has-text-align-center has-large-font-size\">Zur regionalen Entwicklung beitragen. In verschiedensten Projekten. <\/h2>\n\n\n\n<div style=\"height:1.25rem\" aria-hidden=\"true\" class=\"wp-block-spacer\"><\/div>\n<\/div>\n<\/div>\n\n\n\n<div class=\"wp-block-group alignfull has-global-padding is-layout-constrained wp-container-core-group-is-layout-0f9e5a71 wp-block-group-is-layout-constrained\" style=\"margin-top:0;margin-bottom:0;padding-top:0;padding-right:var(--wp--preset--spacing--60);padding-bottom:0;padding-left:var(--wp--preset--spacing--60)\">\n<div class=\"wp-block-group alignwide has-global-padding is-layout-constrained wp-container-core-group-is-layout-ff9b5f96 wp-block-group-is-layout-constrained\" style=\"padding-top:var(--wp--preset--spacing--30);padding-right:0;padding-bottom:var(--wp--preset--spacing--30);padding-left:0\">\n<div class=\"wp-block-group is-vertical is-content-justification-center is-layout-flex wp-container-core-group-is-layout-6329a8f3 wp-block-group-is-layout-flex\">\n<div style=\"height:0px\" aria-hidden=\"true\" class=\"wp-block-spacer wp-container-content-cf2db169\"><\/div>\n\n\n\n<h2 class=\"wp-block-heading has-text-align-center is-style-asterisk\">Eine Reihe von sozialen Projekten:<\/h2>\n<\/div>\n\n\n\n<div style=\"height:var(--wp--preset--spacing--40)\" aria-hidden=\"true\" class=\"wp-block-spacer\"><\/div>\n\n\n\n<div class=\"wp-block-columns alignwide is-layout-flex wp-container-core-columns-is-layout-c6809a2b wp-block-columns-is-layout-flex\">\n<div class=\"wp-block-column is-vertically-aligned-center is-layout-flow wp-block-column-is-layout-flow\" style=\"flex-basis:40%\">\n<h2 class=\"wp-block-heading has-text-align-left is-style-asterisk\">Montessori Kindergarten<\/h2>\n\n\n\n<ul class=\"wp-block-list\">\n<li>F\u00fcr die Mitarbeiter von Serendipalm (70%) und (30%) aus der Gemeinschaft<\/li>\n<\/ul>\n\n\n\n<ul class=\"wp-block-list\">\n<li>Platz f\u00fcr 150 Kinder<\/li>\n<\/ul>\n\n\n\n<ul class=\"wp-block-list\">\n<li>6 H\u00fctten und ein Geb\u00e4ude f\u00fcr Lehrer\/Direktor <\/li>\n<\/ul>\n<\/div>\n\n\n\n<div class=\"wp-block-column is-layout-flow wp-block-column-is-layout-flow\" style=\"flex-basis:50%\">\n<figure class=\"wp-block-image aligncenter size-full is-style-rounded\"><img loading=\"lazy\" decoding=\"async\" width=\"2560\" height=\"1920\" src=\"https:\/\/www.serendipalm.de\/wp-content\/uploads\/2024\/11\/creche_drone-scaled.webp\" alt=\"\" class=\"wp-image-298\" style=\"object-fit:cover\" srcset=\"https:\/\/www.serendipalm.de\/wp-content\/uploads\/2024\/11\/creche_drone-scaled.webp 2560w, https:\/\/www.serendipalm.de\/wp-content\/uploads\/2024\/11\/creche_drone-300x225.webp 300w, https:\/\/www.serendipalm.de\/wp-content\/uploads\/2024\/11\/creche_drone-1024x768.webp 1024w, https:\/\/www.serendipalm.de\/wp-content\/uploads\/2024\/11\/creche_drone-768x576.webp 768w, https:\/\/www.serendipalm.de\/wp-content\/uploads\/2024\/11\/creche_drone-1536x1152.webp 1536w, https:\/\/www.serendipalm.de\/wp-content\/uploads\/2024\/11\/creche_drone-2048x1536.webp 2048w\" sizes=\"auto, (max-width: 2560px) 100vw, 2560px\" \/><\/figure>\n<\/div>\n<\/div>\n\n\n\n<div style=\"height:60px\" aria-hidden=\"true\" class=\"wp-block-spacer\"><\/div>\n\n\n\n<div class=\"wp-block-columns alignwide is-layout-flex wp-container-core-columns-is-layout-c6809a2b wp-block-columns-is-layout-flex\">\n<div class=\"wp-block-column is-layout-flow wp-block-column-is-layout-flow\" style=\"flex-basis:50%\">\n<figure class=\"wp-block-image aligncenter size-full is-style-rounded\"><img loading=\"lazy\" decoding=\"async\" width=\"500\" height=\"343\" src=\"https:\/\/www.serendipalm.de\/wp-content\/uploads\/2024\/11\/maternity-block-1.webp\" alt=\"\" class=\"wp-image-174\" style=\"object-fit:cover\" srcset=\"https:\/\/www.serendipalm.de\/wp-content\/uploads\/2024\/11\/maternity-block-1.webp 500w, https:\/\/www.serendipalm.de\/wp-content\/uploads\/2024\/11\/maternity-block-1-300x206.webp 300w\" sizes=\"auto, (max-width: 500px) 100vw, 500px\" \/><\/figure>\n<\/div>\n\n\n\n<div class=\"wp-block-column is-vertically-aligned-center is-layout-flow wp-block-column-is-layout-flow\" style=\"flex-basis:40%\">\n<h2 class=\"wp-block-heading has-text-align-left is-style-asterisk\">Geburtsklinik<\/h2>\n\n\n\n<ul class=\"wp-block-list\">\n<li>Zur Verbesserung der medizinischen Versorgung<\/li>\n<\/ul>\n\n\n\n<ul class=\"wp-block-list\">\n<li>Im nahen Umfeld die einzige Geburtsklinik<\/li>\n<\/ul>\n\n\n\n<ul class=\"wp-block-list\">\n<li>Im Durchschnitt 1 Geburt pro Tag<\/li>\n<\/ul>\n\n\n\n<ul class=\"wp-block-list\">\n<li>Finanziert durch Dr.Bronners Magic Soaps<\/li>\n<\/ul>\n<\/div>\n<\/div>\n<\/div>\n\n\n\n<div class=\"wp-block-group alignwide has-global-padding is-layout-constrained wp-container-core-group-is-layout-19e250f3 wp-block-group-is-layout-constrained\">\n<div style=\"height:var(--wp--preset--spacing--40)\" aria-hidden=\"true\" class=\"wp-block-spacer\"><\/div>\n\n\n\n<div class=\"wp-block-columns alignwide is-layout-flex wp-container-core-columns-is-layout-28232c24 wp-block-columns-is-layout-flex\">\n<div class=\"wp-block-column is-vertically-aligned-center is-style-default is-layout-flow wp-container-core-column-is-layout-903888e1 wp-block-column-is-layout-flow\" style=\"border-style:none;border-width:0px;padding-top:0;padding-right:0;padding-bottom:0;padding-left:var(--wp--preset--spacing--80);flex-basis:40%\">\n<h2 class=\"wp-block-heading has-text-align-left is-style-asterisk\">Trinkwasserbrunnen<\/h2>\n\n\n\n<ul class=\"wp-block-list\">\n<li>Zur Versorgung der Menschen mit sauberem Trinkwasser<\/li>\n<\/ul>\n\n\n\n<ul class=\"wp-block-list\">\n<li>Brunnen an zentralen Punkten sparen Wege<\/li>\n<\/ul>\n<\/div>\n\n\n\n<div class=\"wp-block-column is-style-default is-layout-flow wp-container-core-column-is-layout-61b73f92 wp-block-column-is-layout-flow\" style=\"padding-top:0;padding-right:var(--wp--preset--spacing--50);padding-bottom:0;padding-left:0;flex-basis:50%\">\n<figure class=\"wp-block-image alignright size-full is-style-rounded\" style=\"margin-top:0;margin-right:var(--wp--preset--spacing--80);margin-bottom:0;margin-left:0\"><img loading=\"lazy\" decoding=\"async\" width=\"500\" height=\"556\" src=\"https:\/\/www.serendipalm.de\/wp-content\/uploads\/2024\/11\/deep_well.webp\" alt=\"\" class=\"wp-image-179\" style=\"aspect-ratio:0.8993205682520075;object-fit:cover\" srcset=\"https:\/\/www.serendipalm.de\/wp-content\/uploads\/2024\/11\/deep_well.webp 500w, https:\/\/www.serendipalm.de\/wp-content\/uploads\/2024\/11\/deep_well-270x300.webp 270w\" sizes=\"auto, (max-width: 500px) 100vw, 500px\" \/><\/figure>\n<\/div>\n<\/div>\n\n\n\n<div style=\"height:65px\" aria-hidden=\"true\" class=\"wp-block-spacer\"><\/div>\n\n\n\n<div class=\"wp-block-columns alignwide is-layout-flex wp-container-core-columns-is-layout-d1c656ed wp-block-columns-is-layout-flex\">\n<div class=\"wp-block-column is-layout-flow wp-block-column-is-layout-flow\" style=\"flex-basis:50%\">\n<figure class=\"wp-block-image aligncenter size-full is-style-rounded\"><img loading=\"lazy\" decoding=\"async\" width=\"500\" height=\"308\" src=\"https:\/\/www.serendipalm.de\/wp-content\/uploads\/2024\/11\/toilets_public.webp\" alt=\"\" class=\"wp-image-180\" style=\"object-fit:cover\" srcset=\"https:\/\/www.serendipalm.de\/wp-content\/uploads\/2024\/11\/toilets_public.webp 500w, https:\/\/www.serendipalm.de\/wp-content\/uploads\/2024\/11\/toilets_public-300x185.webp 300w\" sizes=\"auto, (max-width: 500px) 100vw, 500px\" \/><\/figure>\n<\/div>\n\n\n\n<div class=\"wp-block-column is-vertically-aligned-center is-layout-flow wp-block-column-is-layout-flow\" style=\"flex-basis:40%\">\n<h2 class=\"wp-block-heading has-text-align-left is-style-asterisk\">\u00d6ffentliche Toiletten <\/h2>\n\n\n\n<ul class=\"wp-block-list\">\n<li>Freier Zugang, Wartung durch Gemeinde<\/li>\n<\/ul>\n\n\n\n<ul class=\"wp-block-list\">\n<li>Gebaut an Standpunkten mit viel Publikumsverkehr<\/li>\n<\/ul>\n<\/div>\n<\/div>\n<\/div>\n\n\n\n<div class=\"wp-block-group alignwide has-global-padding is-layout-constrained wp-container-core-group-is-layout-19e250f3 wp-block-group-is-layout-constrained\">\n<div style=\"height:65px\" aria-hidden=\"true\" class=\"wp-block-spacer\"><\/div>\n\n\n\n<div class=\"wp-block-columns alignwide is-layout-flex wp-container-core-columns-is-layout-d1c656ed wp-block-columns-is-layout-flex\">\n<div class=\"wp-block-column is-vertically-aligned-center is-layout-flow wp-block-column-is-layout-flow\" style=\"padding-left:var(--wp--preset--spacing--60);flex-basis:40%\">\n<h2 class=\"wp-block-heading has-text-align-left is-style-asterisk\">F\u00e4hre <\/h2>\n\n\n\n<ul class=\"wp-block-list\">\n<li>Zur sicheren \u00dcberquerung eines Flusses<\/li>\n<\/ul>\n\n\n\n<ul class=\"wp-block-list\">\n<li>Spart gr\u00f6\u00dfere Umwege<\/li>\n<\/ul>\n\n\n\n<ul class=\"wp-block-list\">\n<li>Einziges Transportmittel \u00fcber den Fluss<\/li>\n<\/ul>\n<\/div>\n\n\n\n<div class=\"wp-block-column is-layout-flow wp-block-column-is-layout-flow\" style=\"flex-basis:50%\">\n<figure class=\"wp-block-image aligncenter size-full is-style-rounded\" style=\"margin-right:0;margin-left:0\"><img loading=\"lazy\" decoding=\"async\" width=\"1500\" height=\"613\" src=\"https:\/\/www.serendipalm.de\/wp-content\/uploads\/2024\/11\/fairtrade_fairy.webp\" alt=\"\" class=\"wp-image-171\" srcset=\"https:\/\/www.serendipalm.de\/wp-content\/uploads\/2024\/11\/fairtrade_fairy.webp 1500w, https:\/\/www.serendipalm.de\/wp-content\/uploads\/2024\/11\/fairtrade_fairy-300x123.webp 300w, https:\/\/www.serendipalm.de\/wp-content\/uploads\/2024\/11\/fairtrade_fairy-1024x418.webp 1024w, https:\/\/www.serendipalm.de\/wp-content\/uploads\/2024\/11\/fairtrade_fairy-768x314.webp 768w\" sizes=\"auto, (max-width: 1500px) 100vw, 1500px\" \/><\/figure>\n<\/div>\n<\/div>\n\n\n\n<div style=\"height:80px\" aria-hidden=\"true\" class=\"wp-block-spacer\"><\/div>\n\n\n\n<div class=\"wp-block-columns alignwide is-layout-flex wp-container-core-columns-is-layout-d1c656ed wp-block-columns-is-layout-flex\">\n<div class=\"wp-block-column is-layout-flow wp-block-column-is-layout-flow\" style=\"flex-basis:50%\">\n<figure class=\"wp-block-image aligncenter size-large is-style-rounded\"><img loading=\"lazy\" decoding=\"async\" width=\"1024\" height=\"455\" src=\"https:\/\/www.serendipalm.de\/wp-content\/uploads\/2024\/11\/fair_trade_projekte-1024x455.webp\" alt=\"\" class=\"wp-image-122\" srcset=\"https:\/\/www.serendipalm.de\/wp-content\/uploads\/2024\/11\/fair_trade_projekte-1024x455.webp 1024w, https:\/\/www.serendipalm.de\/wp-content\/uploads\/2024\/11\/fair_trade_projekte-300x133.webp 300w, https:\/\/www.serendipalm.de\/wp-content\/uploads\/2024\/11\/fair_trade_projekte-768x342.webp 768w, https:\/\/www.serendipalm.de\/wp-content\/uploads\/2024\/11\/fair_trade_projekte-1536x683.webp 1536w, https:\/\/www.serendipalm.de\/wp-content\/uploads\/2024\/11\/fair_trade_projekte.webp 1920w\" sizes=\"auto, (max-width: 1024px) 100vw, 1024px\" \/><\/figure>\n<\/div>\n\n\n\n<div class=\"wp-block-column is-vertically-aligned-center is-layout-flow wp-block-column-is-layout-flow\" style=\"flex-basis:40%\">\n<h2 class=\"wp-block-heading has-text-align-left is-style-asterisk\">Fu\u00dfbr\u00fccken<\/h2>\n\n\n\n<ul class=\"wp-block-list\">\n<li>Zur sicheren \u00dcberquerung von Fl\u00fcssen<\/li>\n<\/ul>\n\n\n\n<ul class=\"wp-block-list\">\n<li>Infrastrukturprojekte tragen zur Entwicklung bei<\/li>\n<\/ul>\n\n\n\n<ul class=\"wp-block-list\">\n<li>Bau durch lokale Handwerker<\/li>\n<\/ul>\n<\/div>\n<\/div>\n<\/div>\n\n\n\n<div class=\"wp-block-group alignwide has-global-padding is-layout-constrained wp-container-core-group-is-layout-19e250f3 wp-block-group-is-layout-constrained\">\n<div style=\"height:65px\" aria-hidden=\"true\" class=\"wp-block-spacer\"><\/div>\n\n\n\n<div class=\"wp-block-columns alignwide is-layout-flex wp-container-core-columns-is-layout-d1c656ed wp-block-columns-is-layout-flex\">\n<div class=\"wp-block-column is-vertically-aligned-center is-layout-flow wp-block-column-is-layout-flow\" style=\"flex-basis:40%\">\n<h2 class=\"wp-block-heading has-text-align-left is-style-asterisk\">Montessori Grundschule<\/h2>\n\n\n\n<ul class=\"wp-block-list\">\n<li>Grundschule nach dem Konzept von Montessori<\/li>\n<\/ul>\n\n\n\n<ul class=\"wp-block-list\">\n<li>Platz f\u00fcr 200 Kinder<\/li>\n<\/ul>\n\n\n\n<ul class=\"wp-block-list\">\n<li>Mit Musikraum, Kunstraum, Computerraum, Musikstudio<\/li>\n<\/ul>\n\n\n\n<ul class=\"wp-block-list\">\n<li>Er\u00f6ffnet 2025<\/li>\n<\/ul>\n<\/div>\n\n\n\n<div class=\"wp-block-column is-layout-flow wp-block-column-is-layout-flow\" style=\"flex-basis:50%\">\n<figure class=\"wp-block-image aligncenter size-full is-style-rounded\"><img loading=\"lazy\" decoding=\"async\" width=\"1200\" height=\"900\" src=\"https:\/\/www.serendipalm.de\/wp-content\/uploads\/2026\/02\/school_top.webp\" alt=\"\" class=\"wp-image-803\" srcset=\"https:\/\/www.serendipalm.de\/wp-content\/uploads\/2026\/02\/school_top.webp 1200w, https:\/\/www.serendipalm.de\/wp-content\/uploads\/2026\/02\/school_top-300x225.webp 300w, https:\/\/www.serendipalm.de\/wp-content\/uploads\/2026\/02\/school_top-1024x768.webp 1024w, https:\/\/www.serendipalm.de\/wp-content\/uploads\/2026\/02\/school_top-768x576.webp 768w\" sizes=\"auto, (max-width: 1200px) 100vw, 1200px\" \/><\/figure>\n<\/div>\n<\/div>\n\n\n\n<div style=\"height:65px\" aria-hidden=\"true\" class=\"wp-block-spacer\"><\/div>\n\n\n\n<div class=\"wp-block-columns alignwide is-layout-flex wp-container-core-columns-is-layout-d1c656ed wp-block-columns-is-layout-flex\">\n<div class=\"wp-block-column is-layout-flow wp-block-column-is-layout-flow\" style=\"padding-left:0;flex-basis:50%\">\n<figure class=\"wp-block-image aligncenter size-full is-style-rounded\" style=\"margin-left:0\"><img loading=\"lazy\" decoding=\"async\" width=\"500\" height=\"460\" src=\"https:\/\/www.serendipalm.de\/wp-content\/uploads\/2024\/11\/stipendien_bild.webp\" alt=\"\" class=\"wp-image-182\" style=\"object-fit:cover\" srcset=\"https:\/\/www.serendipalm.de\/wp-content\/uploads\/2024\/11\/stipendien_bild.webp 500w, https:\/\/www.serendipalm.de\/wp-content\/uploads\/2024\/11\/stipendien_bild-300x276.webp 300w\" sizes=\"auto, (max-width: 500px) 100vw, 500px\" \/><\/figure>\n<\/div>\n\n\n\n<div class=\"wp-block-column is-vertically-aligned-center is-layout-flow wp-block-column-is-layout-flow\" style=\"padding-right:var(--wp--preset--spacing--70);flex-basis:40%\">\n<h2 class=\"wp-block-heading has-text-align-left is-style-asterisk\">Stipendien<\/h2>\n\n\n\n<ul class=\"wp-block-list\">\n<li>Stipendien f\u00fcr gute Sch\u00fcler<\/li>\n<\/ul>\n\n\n\n<ul class=\"wp-block-list\">\n<li>Verbessert die M\u00f6glichkeiten der Bildung f\u00fcr Jugendliche vor Ort<\/li>\n<\/ul>\n<\/div>\n<\/div>\n<\/div>\n\n\n\n<div class=\"wp-block-group alignwide has-global-padding is-layout-constrained wp-container-core-group-is-layout-19e250f3 wp-block-group-is-layout-constrained\">\n<div style=\"height:65px\" aria-hidden=\"true\" class=\"wp-block-spacer\"><\/div>\n\n\n\n<div class=\"wp-block-columns alignwide is-layout-flex wp-container-core-columns-is-layout-d1c656ed wp-block-columns-is-layout-flex\">\n<div class=\"wp-block-column is-vertically-aligned-center is-layout-flow wp-block-column-is-layout-flow\" style=\"flex-basis:40%\">\n<h2 class=\"wp-block-heading has-text-align-left is-style-asterisk\">Computerraum \/ Bibliothek<\/h2>\n\n\n\n<ul class=\"wp-block-list\">\n<li>M\u00f6glichkeit zur Ausbildung am Computer<\/li>\n<\/ul>\n\n\n\n<ul class=\"wp-block-list\">\n<li>Nutzung der Bibliothek<\/li>\n<\/ul>\n<\/div>\n\n\n\n<div class=\"wp-block-column is-layout-flow wp-block-column-is-layout-flow\" style=\"flex-basis:50%\">\n<figure class=\"wp-block-image aligncenter size-full is-style-rounded\"><img loading=\"lazy\" decoding=\"async\" width=\"500\" height=\"376\" src=\"https:\/\/www.serendipalm.de\/wp-content\/uploads\/2024\/11\/computer_raum.webp\" alt=\"\" class=\"wp-image-184\" style=\"object-fit:cover\" srcset=\"https:\/\/www.serendipalm.de\/wp-content\/uploads\/2024\/11\/computer_raum.webp 500w, https:\/\/www.serendipalm.de\/wp-content\/uploads\/2024\/11\/computer_raum-300x226.webp 300w\" sizes=\"auto, (max-width: 500px) 100vw, 500px\" \/><\/figure>\n<\/div>\n<\/div>\n\n\n\n<div style=\"height:var(--wp--preset--spacing--40)\" aria-hidden=\"true\" class=\"wp-block-spacer\"><\/div>\n<\/div>\n\n\n\n<div class=\"wp-block-group alignwide has-global-padding is-layout-constrained wp-container-core-group-is-layout-19e250f3 wp-block-group-is-layout-constrained\">\n<div style=\"height:65px\" aria-hidden=\"true\" class=\"wp-block-spacer\"><\/div>\n\n\n\n<div class=\"wp-block-columns alignwide is-layout-flex wp-container-core-columns-is-layout-d1c656ed wp-block-columns-is-layout-flex\">\n<div class=\"wp-block-column is-vertically-aligned-center is-layout-flow wp-block-column-is-layout-flow\" style=\"flex-basis:40%\">\n<figure class=\"wp-block-image size-full\"><img loading=\"lazy\" decoding=\"async\" width=\"1200\" height=\"675\" src=\"https:\/\/www.serendipalm.de\/wp-content\/uploads\/2026\/02\/kantine_.webp\" alt=\"\" class=\"wp-image-817\" srcset=\"https:\/\/www.serendipalm.de\/wp-content\/uploads\/2026\/02\/kantine_.webp 1200w, https:\/\/www.serendipalm.de\/wp-content\/uploads\/2026\/02\/kantine_-300x169.webp 300w, https:\/\/www.serendipalm.de\/wp-content\/uploads\/2026\/02\/kantine_-1024x576.webp 1024w, https:\/\/www.serendipalm.de\/wp-content\/uploads\/2026\/02\/kantine_-768x432.webp 768w\" sizes=\"auto, (max-width: 1200px) 100vw, 1200px\" \/><\/figure>\n<\/div>\n\n\n\n<div class=\"wp-block-column is-layout-flow wp-block-column-is-layout-flow\" style=\"flex-basis:50%\">\n<h2 class=\"wp-block-heading has-text-align-left is-style-asterisk\">Kantine\/Treffpunkt<\/h2>\n\n\n\n<ul class=\"wp-block-list\">\n<li>Zur Verpflegung des Kindergartens und der Grundschule<\/li>\n<\/ul>\n\n\n\n<ul class=\"wp-block-list\">\n<li>Platz f\u00fcr 200 Personen<\/li>\n<\/ul>\n\n\n\n<ul class=\"wp-block-list\">\n<li>Wird als Treffpunkt f\u00fcr Trainings genutzt<\/li>\n<\/ul>\n<\/div>\n<\/div>\n\n\n\n<div style=\"height:var(--wp--preset--spacing--40)\" aria-hidden=\"true\" class=\"wp-block-spacer\"><\/div>\n<\/div>\n\n\n\n<div class=\"wp-block-group alignwide has-global-padding is-layout-constrained wp-container-core-group-is-layout-19e250f3 wp-block-group-is-layout-constrained\">\n<div style=\"height:65px\" aria-hidden=\"true\" class=\"wp-block-spacer\"><\/div>\n\n\n\n<div class=\"wp-block-columns alignwide is-layout-flex wp-container-core-columns-is-layout-d1c656ed wp-block-columns-is-layout-flex\">\n<div class=\"wp-block-column is-vertically-aligned-center is-layout-flow wp-block-column-is-layout-flow\" style=\"flex-basis:40%\">\n<h2 class=\"wp-block-heading has-text-align-left is-style-asterisk\">Wohnheim Krankenschwestern<\/h2>\n\n\n\n<ul class=\"wp-block-list\">\n<li>Wohnheim f\u00fcr Krankenschwestern, die im nahegelegenen Krankenhaus arbeiten<\/li>\n<\/ul>\n<\/div>\n\n\n\n<div class=\"wp-block-column is-layout-flow wp-block-column-is-layout-flow\" style=\"flex-basis:50%\">\n<figure class=\"wp-block-image size-large\"><img loading=\"lazy\" decoding=\"async\" width=\"1024\" height=\"617\" src=\"https:\/\/www.serendipalm.de\/wp-content\/uploads\/2026\/02\/Nurses-Housing-1024x617.jpg\" alt=\"\" class=\"wp-image-822\" srcset=\"https:\/\/www.serendipalm.de\/wp-content\/uploads\/2026\/02\/Nurses-Housing-1024x617.jpg 1024w, https:\/\/www.serendipalm.de\/wp-content\/uploads\/2026\/02\/Nurses-Housing-300x181.jpg 300w, https:\/\/www.serendipalm.de\/wp-content\/uploads\/2026\/02\/Nurses-Housing-768x463.jpg 768w, https:\/\/www.serendipalm.de\/wp-content\/uploads\/2026\/02\/Nurses-Housing.jpg 1501w\" sizes=\"auto, (max-width: 1024px) 100vw, 1024px\" \/><\/figure>\n<\/div>\n<\/div>\n\n\n\n<div style=\"height:var(--wp--preset--spacing--40)\" aria-hidden=\"true\" class=\"wp-block-spacer\"><\/div>\n<\/div>\n\n\n\n<div class=\"wp-block-group alignwide has-global-padding is-layout-constrained wp-container-core-group-is-layout-19e250f3 wp-block-group-is-layout-constrained\">\n<div style=\"height:65px\" aria-hidden=\"true\" class=\"wp-block-spacer\"><\/div>\n\n\n\n<div class=\"wp-block-columns alignwide is-layout-flex wp-container-core-columns-is-layout-d1c656ed wp-block-columns-is-layout-flex\">\n<div class=\"wp-block-column is-vertically-aligned-center is-layout-flow wp-block-column-is-layout-flow\" style=\"flex-basis:40%\">\n<figure class=\"wp-block-image size-large\"><img loading=\"lazy\" decoding=\"async\" width=\"1024\" height=\"768\" src=\"https:\/\/www.serendipalm.de\/wp-content\/uploads\/2026\/02\/IMG_7004-2-1024x768.webp\" alt=\"\" class=\"wp-image-824\" srcset=\"https:\/\/www.serendipalm.de\/wp-content\/uploads\/2026\/02\/IMG_7004-2-1024x768.webp 1024w, https:\/\/www.serendipalm.de\/wp-content\/uploads\/2026\/02\/IMG_7004-2-300x225.webp 300w, https:\/\/www.serendipalm.de\/wp-content\/uploads\/2026\/02\/IMG_7004-2-768x576.webp 768w, https:\/\/www.serendipalm.de\/wp-content\/uploads\/2026\/02\/IMG_7004-2-1536x1152.webp 1536w, https:\/\/www.serendipalm.de\/wp-content\/uploads\/2026\/02\/IMG_7004-2-2048x1536.webp 2048w\" sizes=\"auto, (max-width: 1024px) 100vw, 1024px\" \/><\/figure>\n<\/div>\n\n\n\n<div class=\"wp-block-column is-layout-flow wp-block-column-is-layout-flow\" style=\"flex-basis:50%\">\n<h2 class=\"wp-block-heading has-text-align-left is-style-asterisk\">Plastiksammlung<\/h2>\n\n\n\n<ul class=\"wp-block-list\">\n<li>30 &#8222;Waste Bankers&#8220; (Plastiksammler) sammeln in verschiedensten Gemeinden Plastik<\/li>\n<\/ul>\n\n\n\n<ul class=\"wp-block-list\">\n<li>So konnten schon seit 2023 \u00fcber 150 Tonnen Plastik <\/li>\n<\/ul>\n\n\n\n<ul class=\"wp-block-list\">\n<li>gesammelt und dem Recycling zugef\u00fchrt werden.<\/li>\n<\/ul>\n\n\n\n<ul class=\"wp-block-list\">\n<li>Es werden PET, HDPE, LDPE und Blechdosen gesammelt <\/li>\n<\/ul>\n<\/div>\n<\/div>\n<\/div>\n<\/div>\n\n\n\n<div style=\"height:65px\" aria-hidden=\"true\" class=\"wp-block-spacer\"><\/div>\n","protected":false},"excerpt":{"rendered":"<p>Unsere sozialen Projekte werden durch Dr. Bronners, DEG, GIZ &amp; die Fair Trade-Pr\u00e4mie finanziert. Seit 2013 konnten wir mit: \u00fcber 265.000 \u20ac Zur regionalen Entwicklung beitragen. In verschiedensten Projekten. Eine Reihe von sozialen Projekten: Montessori Kindergarten Geburtsklinik Trinkwasserbrunnen \u00d6ffentliche Toiletten F\u00e4hre Fu\u00dfbr\u00fccken Montessori Grundschule Stipendien Computerraum \/ Bibliothek Kantine\/Treffpunkt Wohnheim Krankenschwestern Plastiksammlung<\/p>\n","protected":false},"author":1,"featured_media":0,"parent":0,"menu_order":0,"comment_status":"closed","ping_status":"closed","template":"page-no-title","meta":{"footnotes":""},"class_list":["post-128","page","type-page","status-publish","hentry"],"_links":{"self":[{"href":"https:\/\/www.serendipalm.de\/index.php?rest_route=\/wp\/v2\/pages\/128","targetHints":{"allow":["GET"]}}],"collection":[{"href":"https:\/\/www.serendipalm.de\/index.php?rest_route=\/wp\/v2\/pages"}],"about":[{"href":"https:\/\/www.serendipalm.de\/index.php?rest_route=\/wp\/v2\/types\/page"}],"author":[{"embeddable":true,"href":"https:\/\/www.serendipalm.de\/index.php?rest_route=\/wp\/v2\/users\/1"}],"replies":[{"embeddable":true,"href":"https:\/\/www.serendipalm.de\/index.php?rest_route=%2Fwp%2Fv2%2Fcomments&post=128"}],"version-history":[{"count":99,"href":"https:\/\/www.serendipalm.de\/index.php?rest_route=\/wp\/v2\/pages\/128\/revisions"}],"predecessor-version":[{"id":1319,"href":"https:\/\/www.serendipalm.de\/index.php?rest_route=\/wp\/v2\/pages\/128\/revisions\/1319"}],"wp:attachment":[{"href":"https:\/\/www.serendipalm.de\/index.php?rest_route=%2Fwp%2Fv2%2Fmedia&parent=128"}],"curies":[{"name":"wp","href":"https:\/\/api.w.org\/{rel}","templated":true}]}}